{"id":15199,"date":"2025-04-01T16:18:44","date_gmt":"2025-04-01T21:18:44","guid":{"rendered":"https:\/\/amc.gov.co\/amc\/?page_id=15199"},"modified":"2025-04-01T16:28:23","modified_gmt":"2025-04-01T21:28:23","slug":"encuesta-satisfaccion-de-rendicion-de-cuentas-vigencia-2024","status":"publish","type":"page","link":"https:\/\/amc.gov.co\/amc\/encuesta-satisfaccion-de-rendicion-de-cuentas-vigencia-2024\/","title":{"rendered":"Encuesta Satisfacci\u00f3n de Rendici\u00f3n de Cuentas Vigencia 2024"},"content":{"rendered":"<div class=\"vce-row-container\"><div class=\"vce-row vce-row--col-gap-30 vce-row-equal-height vce-row-content--top\" data-vce-full-width=\"true\" data-vce-stretch-content=\"true\" id=\"el-c9a23b77\" data-vce-do-apply=\"all el-c9a23b77\"><div class=\"vce-row-content\" data-vce-element-content=\"true\"><div class=\"vce-col vce-col--md-auto vce-col--xs-1 vce-col--xs-last vce-col--xs-first vce-col--sm-last vce-col--sm-first vce-col--md-last vce-col--lg-last vce-col--xl-last vce-col--md-first vce-col--lg-first vce-col--xl-first\" id=\"el-1146d44c\"><div class=\"vce-col-inner\" data-vce-do-apply=\"border margin background  el-1146d44c\"><div class=\"vce-col-content\" data-vce-element-content=\"true\" data-vce-do-apply=\"padding el-1146d44c\"><div class=\"vce-text-block\"><div class=\"vce-text-block-wrapper vce\" id=\"el-5f408c40\" data-vce-do-apply=\"all el-5f408c40\"><nav aria-label=\"breadcrumb\"><br><ol class=\"breadcrumb gov-co-breadcrumb\"><br> \t<li class=\"breadcrumb-item\"><a href=\"\/amc\/\"><i class=\"fas fa-home\"><\/i> Inicio <\/a><\/li><br> \t<li class=\"breadcrumb-item active\" aria-current=\"page\"><a href=\"\/amc\/mecanismos-de-participacion-ciudadana\/\">Mecanismos de participaci\u00f3n ciudadana<\/a><\/li><br> \t<li class=\"breadcrumb-item active\" aria-current=\"page\"><a href=\"https:\/\/amc.gov.co\/amc\/encuesta-satisfaccion-de-rendicion-de-cuentas-vigencia-2024\/\">Encuesta de Satisfacci\u00f3n<\/a><\/li><br><\/ol><br><\/nav><\/div><\/div><\/div><\/div><\/div><\/div><\/div><\/div><div class=\"vce-row-container\"><div class=\"vce-row vce-row--col-gap-30 vce-row-equal-height vce-row-content--top\" data-vce-full-width=\"true\" data-vce-stretch-content=\"true\" id=\"el-26482b50\" data-vce-do-apply=\"all el-26482b50\"><div class=\"vce-row-content\" data-vce-element-content=\"true\"><div class=\"vce-col vce-col--md-auto vce-col--xs-1 vce-col--xs-last vce-col--xs-first vce-col--sm-last vce-col--sm-first vce-col--md-last vce-col--lg-last vce-col--xl-last vce-col--md-first vce-col--lg-first vce-col--xl-first\" id=\"el-c193e432\"><div class=\"vce-col-inner\" data-vce-do-apply=\"border margin background  el-c193e432\"><div class=\"vce-col-content\" data-vce-element-content=\"true\" data-vce-do-apply=\"padding el-c193e432\"><div class=\"vce vce-separator-container vce-separator--align-center vce-separator--style-solid\" id=\"el-3b779760\" data-vce-do-apply=\"margin el-3b779760\"><div class=\"vce-separator vce-separator--color-bfc0c1 vce-separator--width-60 vce-separator--thickness-1\" data-vce-do-apply=\"border padding background  el-3b779760\"><\/div><\/div><div class=\"vce-text-block\"><div class=\"vce-text-block-wrapper vce\" id=\"el-c2c2ede4\" data-vce-do-apply=\"all el-c2c2ede4\"><p style=\"text-align: center;\"><strong><span style=\"font-family: Montserrat; font-size: 24pt;\">ENCUESTA SATISFACCI\u00d3N DE RENDICI\u00d3N DE CUENTAS VIGENCIA 2024<\/span><\/strong><\/p><p>&nbsp;<\/p><p style=\"text-align: center;\"><span style=\"font-family: Montserrat; color: #333333;\">La presente encuesta de satisfacci\u00f3n tiene como objetivo evaluar la percepci\u00f3n de los participantes respecto al proceso de rendici\u00f3n de cuentas del periodo 2024. Esta evaluaci\u00f3n permite identificar fortalezas, oportunidades de mejora y el nivel de transparencia y claridad en la presentaci\u00f3n de la informaci\u00f3n.<\/span><\/p><p>&nbsp;<\/p><\/div><\/div><div class=\"vce-button--style-basic-container vce-button--style-basic-container--align-center\"><span class=\"vce-button--style-basic-wrapper vce\" id=\"el-a9fe49e0\" data-vce-do-apply=\"margin el-a9fe49e0\"><a class=\"vce-button vce-button--style-basic vce-button--style-basic--border-rounded vce-button--style-basic--size-medium vce-button--style-basic--color-b-16-60-106--fff vce-button--style-basic--hover-color-4d70ac--fff\" href=\"https:\/\/docs.google.com\/forms\/d\/e\/1FAIpQLSczRkLmUUGwFwn6u8Ltg8o1RorX7ht0-LvqTcOiMsTfi0RJ-A\/viewform?usp=dialog\" title=\"Formulario - Encuesta de Percepci\u00f3n\" target=\"_blank\" rel=\"nofollow noopener\" data-vce-do-apply=\"padding border background  el-a9fe49e0\">Formulario<\/a><\/span><\/div><div class=\"vce vce-separator-container vce-separator--align-center vce-separator--style-solid\" id=\"el-ffb4037a\" data-vce-do-apply=\"margin el-ffb4037a\"><div class=\"vce-separator vce-separator--color-bfc0c1 vce-separator--width-60 vce-separator--thickness-1\" data-vce-do-apply=\"border padding background  el-ffb4037a\"><\/div><\/div><div class=\"vce-shortcode\"><div class=\"vce-shortcode-wrapper vce\" id=\"el-6b1e72d5\" data-vce-do-apply=\"all el-6b1e72d5\"><iframe loading=\"lazy\" src=\"https:\/\/docs.google.com\/forms\/d\/e\/1FAIpQLSczRkLmUUGwFwn6u8Ltg8o1RorX7ht0-LvqTcOiMsTfi0RJ-A\/viewform?embedded=true\" width=\"640\" height=\"380\" frameborder=\"0\" marginheight=\"0\" marginwidth=\"0\">Cargando\u2026<\/iframe><\/div><\/div><\/div><\/div><\/div><\/div><\/div><\/div><div class=\"vce-row-container\"><div class=\"vce-row vce-element--has-background vce-row--col-gap-30 vce-row-content--top\" data-vce-full-width=\"true\" data-vce-stretch-content=\"true\" id=\"el-5cac8095\" data-vce-do-apply=\"all el-5cac8095\"><div class=\"vce-content-background-container\"><div class=\"vce-asset-background-simple-container vce-visible-all-only vce-asset-background-simple--style-cover vce-asset-background-simple--position-center-top\"><div class=\"vce-asset-background-simple\">\n              <div class=\"vce-asset-background-simple-item vcv-lozad\" data-background-image=\"https:\/\/www.aunap.gov.co\/wp-content\/uploads\/2021\/08\/fondo-contadores.png\"><\/div>\n              <noscript>\n                <div class=\"vce-asset-background-simple-item\" style=\"background-image: url(https:\/\/www.aunap.gov.co\/wp-content\/uploads\/2021\/08\/fondo-contadores.png)\"><\/div>\n              <\/noscript>\n            <\/div><\/div><\/div><div class=\"vce-row-content\" data-vce-element-content=\"true\"><div class=\"vce-col vce-col--md-auto vce-col--xs-1 vce-col--xs-last vce-col--xs-first vce-col--sm-last vce-col--sm-first vce-col--md-first vce-col--lg-first vce-col--xl-first\" id=\"el-4a1a3bc1\"><div class=\"vce-col-inner\" data-vce-do-apply=\"border margin background  el-4a1a3bc1\"><div class=\"vce-col-content\" data-vce-element-content=\"true\" data-vce-do-apply=\"padding el-4a1a3bc1\"><div class=\"vce-text-block\"><div class=\"vce-text-block-wrapper vce\" id=\"el-5ad97fdf\" data-vce-do-apply=\"all el-5ad97fdf\"><ul class=\"section-imprimir\"><br> \t<li class=\"share-print\" role=\"presentation\"><a title=\"Imprimir\" href=\"javascript:window.print(); void 0;\"><span class=\"fa fa-print fa-2x\" aria-hidden=\"true\"><\/span><span class=\"hidden\">Imprimir<\/span><\/a><\/li><br><\/ul><\/div><\/div><\/div><\/div><\/div><div class=\"vce-col vce-col--md-auto vce-col--xs-1 vce-col--xs-last vce-col--xs-first vce-col--sm-last vce-col--sm-first vce-col--md-last vce-col--lg-last vce-col--xl-last\" id=\"el-d3bb7317\"><div class=\"vce-col-inner\" data-vce-do-apply=\"border margin background  el-d3bb7317\"><div class=\"vce-col-content\" data-vce-element-content=\"true\" data-vce-do-apply=\"padding el-d3bb7317\"><div class=\"vce-text-block\"><div class=\"vce-text-block-wrapper vce\" id=\"el-9d085efc\" data-vce-do-apply=\"all el-9d085efc\"><div class=\"section-count\">N\u00famero de visitas a esta p\u00e1gina 0<br>Fecha de publicaci\u00f3n 1 abril, 2025<br>\u00daltima modificaci\u00f3n 1 abril, 2025<\/div><\/div><\/div><\/div><\/div><\/div><\/div><\/div><\/div>\n","protected":false},"excerpt":{"rendered":"<p>Inicio Mecanismos de participaci\u00f3n ciudadana Encuesta de Satisfacci\u00f3nENCUESTA SATISFACCI\u00d3N DE RENDICI\u00d3N DE CUENTAS VIGENCIA 2024&nbsp;La presente encuesta de satisfacci\u00f3n tiene como objetivo evaluar la percepci\u00f3n de los participantes respecto al proceso de rendici\u00f3n de cuentas del periodo 2024. Esta evaluaci\u00f3n permite identificar fortalezas, oportunidades de mejora y el nivel de transparencia y claridad en la&hellip; <a class=\"more-link\" href=\"https:\/\/amc.gov.co\/amc\/encuesta-satisfaccion-de-rendicion-de-cuentas-vigencia-2024\/\">Seguir leyendo <span class=\"screen-reader-text\">Encuesta Satisfacci\u00f3n de Rendici\u00f3n de Cuentas Vigencia 2024<\/span><\/a><\/p>\n","protected":false},"author":3,"featured_media":0,"parent":0,"menu_order":0,"comment_status":"closed","ping_status":"closed","template":"","meta":{"footnotes":"","_mc_calendar":[],"_joinchat":[]},"_links":{"self":[{"href":"https:\/\/amc.gov.co\/amc\/wp-json\/wp\/v2\/pages\/15199"}],"collection":[{"href":"https:\/\/amc.gov.co\/amc\/wp-json\/wp\/v2\/pages"}],"about":[{"href":"https:\/\/amc.gov.co\/amc\/wp-json\/wp\/v2\/types\/page"}],"author":[{"embeddable":true,"href":"https:\/\/amc.gov.co\/amc\/wp-json\/wp\/v2\/users\/3"}],"replies":[{"embeddable":true,"href":"https:\/\/amc.gov.co\/amc\/wp-json\/wp\/v2\/comments?post=15199"}],"version-history":[{"count":7,"href":"https:\/\/amc.gov.co\/amc\/wp-json\/wp\/v2\/pages\/15199\/revisions"}],"predecessor-version":[{"id":15206,"href":"https:\/\/amc.gov.co\/amc\/wp-json\/wp\/v2\/pages\/15199\/revisions\/15206"}],"wp:attachment":[{"href":"https:\/\/amc.gov.co\/amc\/wp-json\/wp\/v2\/media?parent=15199"}],"curies":[{"name":"wp","href":"https:\/\/api.w.org\/{rel}","templated":true}]}}