{"id":15169,"date":"2025-04-01T11:15:13","date_gmt":"2025-04-01T16:15:13","guid":{"rendered":"https:\/\/amc.gov.co\/amc\/?page_id=15169"},"modified":"2025-04-01T12:25:09","modified_gmt":"2025-04-01T17:25:09","slug":"resultado-encuesta-percepcion-de-necesidades-y-rendicion-de-cuentas-vigencia-2024","status":"publish","type":"page","link":"https:\/\/amc.gov.co\/amc\/resultado-encuesta-percepcion-de-necesidades-y-rendicion-de-cuentas-vigencia-2024\/","title":{"rendered":"Resultado encuesta percepci\u00f3n de necesidades y rendici\u00f3n de cuentas vigencia 2024"},"content":{"rendered":"<div class=\"vce-row-container\"><div class=\"vce-row vce-row--col-gap-30 vce-row-equal-height vce-row-content--top\" data-vce-full-width=\"true\" data-vce-stretch-content=\"true\" id=\"el-c9a23b77\" data-vce-do-apply=\"all el-c9a23b77\"><div class=\"vce-row-content\" data-vce-element-content=\"true\"><div class=\"vce-col vce-col--md-auto vce-col--xs-1 vce-col--xs-last vce-col--xs-first vce-col--sm-last vce-col--sm-first vce-col--md-last vce-col--lg-last vce-col--xl-last vce-col--md-first vce-col--lg-first vce-col--xl-first\" id=\"el-1146d44c\"><div class=\"vce-col-inner\" data-vce-do-apply=\"border margin background  el-1146d44c\"><div class=\"vce-col-content\" data-vce-element-content=\"true\" data-vce-do-apply=\"padding el-1146d44c\"><div class=\"vce-text-block\"><div class=\"vce-text-block-wrapper vce\" id=\"el-5f408c40\" data-vce-do-apply=\"all el-5f408c40\"><nav aria-label=\"breadcrumb\"><br><ol class=\"breadcrumb gov-co-breadcrumb\"><br> \t<li class=\"breadcrumb-item\"><a href=\"\/amc\/\"><i class=\"fas fa-home\"><\/i> Inicio <\/a><\/li><br> \t<li class=\"breadcrumb-item active\" aria-current=\"page\"><a href=\"\/amc\/mecanismos-de-participacion-ciudadana\/\">Mecanismos de participaci\u00f3n ciudadana<\/a><\/li><br> \t<li class=\"breadcrumb-item active\" aria-current=\"page\"><a href=\"https:\/\/amc.gov.co\/amc\/resultado-encuesta-percepcion-de-necesidades-y-rendicion-de-cuentas-vigencia-2024\/\">Resultado encuesta de percepci\u00f3n de necesidades y rendici\u00f3n de cuentas<\/a><\/li><br><\/ol><br><\/nav><\/div><\/div><\/div><\/div><\/div><\/div><\/div><\/div><div class=\"vce-row-container\"><div class=\"vce-row vce-row--col-gap-30 vce-row-equal-height vce-row-content--top\" data-vce-full-width=\"true\" data-vce-stretch-content=\"true\" id=\"el-4f261f27\" data-vce-do-apply=\"all el-4f261f27\"><div class=\"vce-row-content\" data-vce-element-content=\"true\"><div class=\"vce-col vce-col--md-auto vce-col--xs-1 vce-col--xs-last vce-col--xs-first vce-col--sm-last vce-col--sm-first vce-col--md-last vce-col--lg-last vce-col--xl-last vce-col--md-first vce-col--lg-first vce-col--xl-first\" id=\"el-59d21892\"><div class=\"vce-col-inner\" data-vce-do-apply=\"border margin background  el-59d21892\"><div class=\"vce-col-content\" data-vce-element-content=\"true\" data-vce-do-apply=\"padding el-59d21892\"><div class=\"vce-text-block\"><div class=\"vce-text-block-wrapper vce\" id=\"el-00a64b43\" data-vce-do-apply=\"all el-00a64b43\"><p style=\"text-align: center;\"><strong><span style=\"font-family: Montserrat; font-size: 24pt;\">RESULTADOS ENCUESTA DE PERCEPCI\u00d3N DE NECESIDADES Y RENDICI\u00d3N DE CUENTAS VIGENCIA 2024<\/span><\/strong><\/p><\/div><\/div><\/div><\/div><\/div><\/div><\/div><\/div><div class=\"vce-row-container\"><div class=\"vce-row vce-row--col-gap-10 vce-row-equal-height vce-row-content--top\" data-vce-full-width=\"true\" data-vce-stretch-content=\"true\" id=\"el-26482b50\" data-vce-do-apply=\"all el-26482b50\"><div class=\"vce-content-background-container\"><\/div><div class=\"vce-row-content\" data-vce-element-content=\"true\"><div class=\"vce-col vce-col--md-auto vce-col--xs-1 vce-col--xs-last vce-col--xs-first vce-col--sm-last vce-col--sm-first vce-col--md-last vce-col--lg-last vce-col--xl-last vce-col--md-first vce-col--lg-first vce-col--xl-first\" id=\"el-c193e432\"><div class=\"vce-col-inner\" data-vce-do-apply=\"border margin background  el-c193e432\"><div class=\"vce-col-content\" data-vce-element-content=\"true\" data-vce-do-apply=\"padding el-c193e432\"><div class=\"vce-text-block\"><div class=\"vce-text-block-wrapper vce\" id=\"el-799a0025\" data-vce-do-apply=\"all el-799a0025\"><p class=\"\" data-start=\"82\" data-end=\"679\"><span style=\"font-family: Montserrat; color: #333333;\">En el marco del proceso de rendici\u00f3n de cuentas del \u00c1rea Metropolitana de C\u00facuta para la vigencia 2024, se llev\u00f3 a cabo una encuesta de percepci\u00f3n dirigida a los grupos de valor m\u00e1s representativos de la ciudad, as\u00ed como a empresas de transporte p\u00fablico colectivo. En total, 13 ciudadanos participaron en este ejercicio, proporcionando sus opiniones sobre las principales necesidades y expectativas en materia de gesti\u00f3n p\u00fablica y movilidad urbana. Los resultados obtenidos servir\u00e1n como insumo clave para fortalecer la transparencia y mejorar la toma de decisiones en beneficio de la comunidad.<\/span><\/p><\/div><\/div><div class=\"vce-single-image-container vce-single-image--align-center\"><div class=\"vce vce-single-image-wrapper\" id=\"el-24f5949a\" data-vce-do-apply=\"all el-24f5949a\"><figure><div class=\"vce-single-image-figure-inner\" style=\"width: 589px;\"><div class=\"vce-single-image-inner vce-single-image--absolute vce-single-image--border-rounded\" style=\"width: 100%; padding-bottom: 42.1053%;\"><img loading=\"lazy\" decoding=\"async\" class=\"vce-single-image\"  width=\"589\" height=\"248\" srcset=\"https:\/\/amc.gov.co\/amc\/wp-content\/uploads\/2025\/04\/GruposValor-320x135.png 320w, https:\/\/amc.gov.co\/amc\/wp-content\/uploads\/2025\/04\/GruposValor-480x202.png 480w, https:\/\/amc.gov.co\/amc\/wp-content\/uploads\/2025\/04\/GruposValor-589x248.png 589w\" src=\"https:\/\/amc.gov.co\/amc\/wp-content\/uploads\/2025\/04\/GruposValor-589x248.png\" data-img-src=\"https:\/\/amc.gov.co\/amc\/wp-content\/uploads\/2025\/04\/GruposValor.png\" data-attachment-id=\"15185\"  alt=\"Repuestas Grupos de Valor \u2013 Gr\u00e1fico Circular\" title=\"GruposValor\" \/><\/div><\/div><figcaption hidden=\"\"><\/figcaption><\/figure><\/div><\/div><div class=\"vce vce-separator-container vce-separator--align-center vce-separator--style-solid\" id=\"el-3b779760\" data-vce-do-apply=\"margin el-3b779760\"><div class=\"vce-separator vce-separator--color-bfc0c1 vce-separator--width-60 vce-separator--thickness-1\" data-vce-do-apply=\"border padding background  el-3b779760\"><\/div><\/div><div class=\"vce-text-block\"><div class=\"vce-text-block-wrapper vce\" id=\"el-75c9e508\" data-vce-do-apply=\"all el-75c9e508\"><p><strong><span class=\"myXFAc RjsPE\" style=\"font-family: Montserrat; color: #333333;\" data-questiontitle=\"950895389\">Mencione la tem\u00e1tica que considere que el \u00c1rea Metropolitana de C\u00facuta deba incluir en la rendici\u00f3n de Cuentas.<\/span><\/strong><\/p><p>&nbsp;<\/p><p style=\"text-align: center;\"><span style=\"font-family: Montserrat; color: #333333;\"><em style=\"color: inherit;\">\"Como conclusi\u00f3n, los ciudadanos consideran prioritario que el \u00c1rea Metropolitana de C\u00facuta incluya en su rendici\u00f3n de cuentas tem\u00e1ticas relacionadas con el transporte p\u00fablico colectivo, como los avances, proyectos, recursos invertidos y resultados obtenidos. Tambi\u00e9n se resalta la necesidad de abordar el transporte informal, el apoyo a los diferentes gremios, la malla vial, las pol\u00edticas metropolitanas de tr\u00e1nsito y transporte, as\u00ed como la renovaci\u00f3n del parque automotor, reflejando el inter\u00e9s de la comunidad por una movilidad urbana m\u00e1s eficiente, equitativa y planificada a futuro.\"<\/em><\/span><\/p><\/div><\/div><div class=\"vce vce-separator-container vce-separator--align-center vce-separator--style-solid\" id=\"el-861113c2\" data-vce-do-apply=\"margin el-861113c2\"><div class=\"vce-separator vce-separator--color-bfc0c1 vce-separator--width-60 vce-separator--thickness-1\" data-vce-do-apply=\"border padding background  el-861113c2\"><\/div><\/div><div class=\"vce-text-block\"><div class=\"vce-text-block-wrapper vce\" id=\"el-01d83d43\" data-vce-do-apply=\"all el-01d83d43\"><p><strong><span class=\"myXFAc RjsPE\" style=\"font-family: Montserrat; color: #333333;\" data-questiontitle=\"950895389\">Cuales aspectos considera que se deban profundizar en la rendici\u00f3n de cuentas del \u00c1rea Metropolitana de C\u00facuta<\/span><\/strong><\/p><p>&nbsp;<\/p><p class=\"\" style=\"text-align: center;\" data-start=\"66\" data-end=\"629\"><span style=\"font-family: Montserrat; color: #333333;\"><em style=\"color: inherit;\">\"Los ciudadanos consideran que la rendici\u00f3n de cuentas del \u00c1rea Metropolitana de C\u00facuta debe profundizar en aspectos clave como la gesti\u00f3n financiera del 2024, la inversi\u00f3n de los recursos del Estado, el avance de obras actuales y futuras, y el estado de la movilidad. Se resalta especialmente la necesidad de abordar temas como la formalizaci\u00f3n e integraci\u00f3n del transporte p\u00fablico colectivo, la pirater\u00eda, el manejo de tarifas, y la invasi\u00f3n de rutas por parte de veh\u00edculos no autorizados, con el fin de garantizar una movilidad segura, eficiente y transparente.\"<\/em><\/span><\/p><\/div><\/div><div class=\"vce vce-separator-container vce-separator--align-center vce-separator--style-solid\" id=\"el-50a5ba7b\" data-vce-do-apply=\"margin el-50a5ba7b\"><div class=\"vce-separator vce-separator--color-bfc0c1 vce-separator--width-60 vce-separator--thickness-1\" data-vce-do-apply=\"border padding background  el-50a5ba7b\"><\/div><\/div><div class=\"vce-text-block\"><div class=\"vce-text-block-wrapper vce\" id=\"el-b712fb6f\" data-vce-do-apply=\"all el-b712fb6f\"><p><strong><span class=\"myXFAc RjsPE\" style=\"font-family: Montserrat; color: #333333;\" data-questiontitle=\"950895389\">Recomendaciones o sugerencias para la rendici\u00f3n de cuentas 2024<\/span><\/strong><\/p><p>&nbsp;<\/p><p class=\"\" style=\"text-align: center;\" data-start=\"66\" data-end=\"629\"><span style=\"font-family: Montserrat; color: #333333;\"><em style=\"color: inherit;\">\"Entre las principales recomendaciones para la rendici\u00f3n de cuentas 2024 del \u00c1rea Metropolitana de C\u00facuta, los ciudadanos destacan la importancia de una comunicaci\u00f3n clara, oportuna y accesible sobre la fecha, hora y lugar del evento, para facilitar una participaci\u00f3n activa. Tambi\u00e9n sugieren mayor claridad en la presentaci\u00f3n de la gesti\u00f3n, inversiones y funciones del AMC, as\u00ed como el fortalecimiento de estrategias para combatir el transporte informal. Finalmente, se propone analizar las sugerencias ciudadanas y realizar espacios de socializaci\u00f3n como ruedas de prensa para fomentar la transparencia y el di\u00e1logo con la comunidad.\"<\/em><\/span><\/p><\/div><\/div><div class=\"vce vce-separator-container vce-separator--align-center vce-separator--style-solid\" id=\"el-ffb4037a\" data-vce-do-apply=\"margin el-ffb4037a\"><div class=\"vce-separator vce-separator--color-bfc0c1 vce-separator--width-60 vce-separator--thickness-1\" data-vce-do-apply=\"border padding background  el-ffb4037a\"><\/div><\/div><\/div><\/div><\/div><\/div><\/div><\/div><div class=\"vce-row-container\"><div class=\"vce-row vce-element--has-background vce-row--col-gap-30 vce-row-content--top\" data-vce-full-width=\"true\" data-vce-stretch-content=\"true\" id=\"el-5cac8095\" data-vce-do-apply=\"all el-5cac8095\"><div class=\"vce-content-background-container\"><div class=\"vce-asset-background-simple-container vce-visible-all-only vce-asset-background-simple--style-cover vce-asset-background-simple--position-center-top\"><div class=\"vce-asset-background-simple\">\n              <div class=\"vce-asset-background-simple-item vcv-lozad\" data-background-image=\"https:\/\/www.aunap.gov.co\/wp-content\/uploads\/2021\/08\/fondo-contadores.png\"><\/div>\n              <noscript>\n                <div class=\"vce-asset-background-simple-item\" style=\"background-image: url(https:\/\/www.aunap.gov.co\/wp-content\/uploads\/2021\/08\/fondo-contadores.png)\"><\/div>\n              <\/noscript>\n            <\/div><\/div><\/div><div class=\"vce-row-content\" data-vce-element-content=\"true\"><div class=\"vce-col vce-col--md-auto vce-col--xs-1 vce-col--xs-last vce-col--xs-first vce-col--sm-last vce-col--sm-first vce-col--md-first vce-col--lg-first vce-col--xl-first\" id=\"el-4a1a3bc1\"><div class=\"vce-col-inner\" data-vce-do-apply=\"border margin background  el-4a1a3bc1\"><div class=\"vce-col-content\" data-vce-element-content=\"true\" data-vce-do-apply=\"padding el-4a1a3bc1\"><div class=\"vce-text-block\"><div class=\"vce-text-block-wrapper vce\" id=\"el-5ad97fdf\" data-vce-do-apply=\"all el-5ad97fdf\"><ul class=\"section-imprimir\"><br> \t<li class=\"share-print\" role=\"presentation\"><a title=\"Imprimir\" href=\"javascript:window.print(); void 0;\"><span class=\"fa fa-print fa-2x\" aria-hidden=\"true\"><\/span><span class=\"hidden\">Imprimir<\/span><\/a><\/li><br><\/ul><\/div><\/div><\/div><\/div><\/div><div class=\"vce-col vce-col--md-auto vce-col--xs-1 vce-col--xs-last vce-col--xs-first vce-col--sm-last vce-col--sm-first vce-col--md-last vce-col--lg-last vce-col--xl-last\" id=\"el-d3bb7317\"><div class=\"vce-col-inner\" data-vce-do-apply=\"border margin background  el-d3bb7317\"><div class=\"vce-col-content\" data-vce-element-content=\"true\" data-vce-do-apply=\"padding el-d3bb7317\"><div class=\"vce-text-block\"><div class=\"vce-text-block-wrapper vce\" id=\"el-9d085efc\" data-vce-do-apply=\"all el-9d085efc\"><div class=\"section-count\">N\u00famero de visitas a esta p\u00e1gina 0<br>Fecha de publicaci\u00f3n 1 abril, 2025<br>\u00daltima modificaci\u00f3n 1 abril, 2025<\/div><\/div><\/div><\/div><\/div><\/div><\/div><\/div><\/div>\n","protected":false},"excerpt":{"rendered":"<p>Inicio Mecanismos de participaci\u00f3n ciudadana Resultado encuesta de percepci\u00f3n de necesidades y rendici\u00f3n de cuentasRESULTADOS ENCUESTA DE PERCEPCI\u00d3N DE NECESIDADES Y RENDICI\u00d3N DE CUENTAS VIGENCIA 2024En el marco del proceso de rendici\u00f3n de cuentas del \u00c1rea Metropolitana de C\u00facuta para la vigencia 2024, se llev\u00f3 a cabo una encuesta de percepci\u00f3n dirigida a los grupos&hellip; <a class=\"more-link\" href=\"https:\/\/amc.gov.co\/amc\/resultado-encuesta-percepcion-de-necesidades-y-rendicion-de-cuentas-vigencia-2024\/\">Seguir leyendo <span class=\"screen-reader-text\">Resultado encuesta percepci\u00f3n de necesidades y rendici\u00f3n de cuentas vigencia 2024<\/span><\/a><\/p>\n","protected":false},"author":3,"featured_media":0,"parent":0,"menu_order":0,"comment_status":"closed","ping_status":"closed","template":"","meta":{"footnotes":"","_mc_calendar":[],"_joinchat":[]},"_links":{"self":[{"href":"https:\/\/amc.gov.co\/amc\/wp-json\/wp\/v2\/pages\/15169"}],"collection":[{"href":"https:\/\/amc.gov.co\/amc\/wp-json\/wp\/v2\/pages"}],"about":[{"href":"https:\/\/amc.gov.co\/amc\/wp-json\/wp\/v2\/types\/page"}],"author":[{"embeddable":true,"href":"https:\/\/amc.gov.co\/amc\/wp-json\/wp\/v2\/users\/3"}],"replies":[{"embeddable":true,"href":"https:\/\/amc.gov.co\/amc\/wp-json\/wp\/v2\/comments?post=15169"}],"version-history":[{"count":16,"href":"https:\/\/amc.gov.co\/amc\/wp-json\/wp\/v2\/pages\/15169\/revisions"}],"predecessor-version":[{"id":15198,"href":"https:\/\/amc.gov.co\/amc\/wp-json\/wp\/v2\/pages\/15169\/revisions\/15198"}],"wp:attachment":[{"href":"https:\/\/amc.gov.co\/amc\/wp-json\/wp\/v2\/media?parent=15169"}],"curies":[{"name":"wp","href":"https:\/\/api.w.org\/{rel}","templated":true}]}}