{"id":14298,"date":"2024-06-28T09:54:35","date_gmt":"2024-06-28T14:54:35","guid":{"rendered":"https:\/\/amc.gov.co\/amc\/?page_id=14298"},"modified":"2024-08-05T12:46:43","modified_gmt":"2024-08-05T17:46:43","slug":"manual-de-identidad-visual","status":"publish","type":"page","link":"https:\/\/amc.gov.co\/amc\/manual-de-identidad-visual\/","title":{"rendered":"Manual de Identidad\u00a0Visual"},"content":{"rendered":"<div class=\"vce-row-container\"><div class=\"vce-row vce-row--col-gap-30 vce-row-equal-height vce-row-content--top\" data-vce-full-width=\"true\" data-vce-stretch-content=\"true\" id=\"el-dddf25b1\" data-vce-do-apply=\"all el-dddf25b1\"><div class=\"vce-row-content\" data-vce-element-content=\"true\"><div class=\"vce-col vce-col--md-auto vce-col--xs-1 vce-col--xs-last vce-col--xs-first vce-col--sm-last vce-col--sm-first vce-col--md-last vce-col--lg-last vce-col--xl-last vce-col--md-first vce-col--lg-first vce-col--xl-first\" id=\"el-acd45603\"><div class=\"vce-col-inner\" data-vce-do-apply=\"border margin background  el-acd45603\"><div class=\"vce-col-content\" data-vce-element-content=\"true\" data-vce-do-apply=\"padding el-acd45603\"><div class=\"vce-text-block\"><div class=\"vce-text-block-wrapper vce\" id=\"el-553b0760\" data-vce-do-apply=\"all el-553b0760\"><nav aria-label=\"breadcrumb\"><br><ol class=\"breadcrumb gov-co-breadcrumb\"><br><li class=\"breadcrumb-item\"><a href=\"\/amc\/\"><i class=\"fas fa-home\"><\/i> Inicio <\/a><\/li><br><li class=\"breadcrumb-item active\" aria-current=\"page\"><a href=\"\/amc\/transparencia-y-acceso-informacion-publica\/\">Transparencia y acceso a la informaci\u00f3n p\u00fablica<\/a><\/li><br><li class=\"breadcrumb-item active\" aria-current=\"page\"><a href=\"https:\/\/amc.gov.co\/amc\/manual-de-identidad-visual\/\">Manual de Identidad&nbsp;Visual<\/a><\/li><br><\/ol><br><\/nav><\/div><\/div><\/div><\/div><\/div><\/div><\/div><\/div><div class=\"vce-row-container\"><div class=\"vce-row vce-row--col-gap-30 vce-row-equal-height vce-row-content--top\" data-vce-full-width=\"true\" data-vce-stretch-content=\"true\" id=\"el-dd0ea894\" data-vce-do-apply=\"all el-dd0ea894\"><div class=\"vce-row-content\" data-vce-element-content=\"true\"><div class=\"vce-col vce-col--md-10p vce-col--xs-1 vce-col--xs-last vce-col--xs-first vce-col--sm-last vce-col--sm-first vce-col--md-first vce-col--lg-first vce-col--xl-first\" id=\"el-22e254a5\"><div class=\"vce-col-inner\" data-vce-do-apply=\"border margin background  el-22e254a5\"><div class=\"vce-col-content\" data-vce-element-content=\"true\" data-vce-do-apply=\"padding el-22e254a5\"><div><\/div><\/div><\/div><\/div><div class=\"vce-col vce-col--md-80p vce-col--xs-1 vce-col--xs-last vce-col--xs-first vce-col--sm-last vce-col--sm-first\" id=\"el-d87e7e60\"><div class=\"vce-col-inner\" data-vce-do-apply=\"border margin background  el-d87e7e60\"><div class=\"vce-col-content\" data-vce-element-content=\"true\" data-vce-do-apply=\"padding el-d87e7e60\"><div class=\"vce-text-block\"><div class=\"vce-text-block-wrapper vce\" id=\"el-31604034\" data-vce-do-apply=\"all el-31604034\"><p style=\"text-align: center;\"><strong><span style=\"font-size: 24pt; font-family: Montserrat;\">Manual de Identidad Visual \u00c1rea Metropolitana de C\u00facuta<\/span><\/strong><\/p>\r\n<h1 style=\"margin-top: 4.7pt; text-align: center;\" align=\"center\"><span style=\"color: #28375d;\"><strong><span lang=\"ES-AR\" style=\"font-family: Montserrat; font-size: 24pt;\"><img loading=\"lazy\" decoding=\"async\" class=\"aligncenter size-full wp-image-14306\" src=\"https:\/\/amc.gov.co\/amc\/wp-content\/uploads\/2024\/06\/Identidad-Institucional.png\" alt=\"Identidad Institucional\" width=\"1590\" height=\"573\"><\/span><\/strong><\/span><\/h1>\r\n<p><strong><span style=\"font-family: Montserrat;\">IDENTIDAD INSTITUCIONAL<\/span><\/strong><\/p>\r\n<p>&nbsp;<\/p>\r\n<p><span style=\"font-family: Montserrat; color: #28375d;\">JUSTIFICACI\u00d3N DE LOGO<\/span><\/p>\r\n<p>\u00c1rea Metropolitana de C\u00facuta, por sus siglas AMC, es un esquema asociativo territorial, conforme a lo estipulado en la Ley 1454 2011. Esto significa que su naturaleza y composici\u00f3n difiere una entidad descentralizada del orden territorial. En este caso el municipio n\u00facleo AMC C\u00facuta comprende cinco m\u00e1s. De manera adopt\u00f3 propio logotipo, acorde al ya mencionado.<\/p>\r\n<p>&nbsp;<\/p>\r\n<p><span style=\"font-family: Montserrat; color: #28375d;\">JUSTIFICACI\u00d3N NOMBRE DE LA ENTIDAD<\/span><\/p>\r\n<p>El nombre que utiliza la entidad es \u00c1rea Metropolitana de C\u00facuta, as\u00ed figura en la ordenanza 40 de 1991 de la Asamblea Norte de Santander, que cre\u00f3 la entidad. As\u00ed mismo el decreto, n\u00famero 000508 de 1998, que puso a funcionar la entidad la denomina \u00c1rea Metropolitana de C\u00facuta (AMC).<\/p>\r\n<p>&nbsp;<\/p>\r\n<p>&nbsp;<\/p><\/div><\/div><div class=\"vce-shortcode\"><div class=\"vce-shortcode-wrapper vce\" id=\"el-0c3a2db4\" data-vce-do-apply=\"all el-0c3a2db4\"><div class='w3eden'><!-- WPDM Link Template: Widget Template -->\n\n<div class=\"media link-template-widget\">\n    <a title=\"Manual de Identidad Visual \u00c1rea Metropolitana de C\u00facuta\" target=\"_blank\" class=\"mr-3 img-48\" href=\"https:\/\/amc.gov.co\/amc\/download\/manual-de-identidad-visual-area-metropolitana-de-cucuta-2\/\">\n        <img class=\"wpdm_icon\" alt=\"Icono\"   src=\"https:\/\/amc.gov.co\/amc\/wp-content\/plugins\/download-manager\/assets\/file-type-icons\/pdf.svg\" \/>\n    <\/a>\n    <div class=\"media-body\" style=\"text-align:left!important;\">\n        <a title=\"Manual de Identidad Visual \u00c1rea Metropolitana de C\u00facuta\" target=\"_blank\" href=\"https:\/\/amc.gov.co\/amc\/download\/manual-de-identidad-visual-area-metropolitana-de-cucuta-2\/\" style=\"display: block;clear: bottom;font-size: 11pt;font-weight: bold;\">Manual de Identidad Visual \u00c1rea Metropolitana de C\u00facuta<\/a>\n\t\t\n        <div style=\"font-size: 9pt;Color:#00906B!important;\">\n            <i class=\"fas\"><\/i> 13,5 Mb <i class=\"fa ml-3\"><\/i>\n            28 junio, 2024\n\t\t<\/div>\n\t\t<div style=\"font-size: 8pt;\"><strong>Descripcion: <\/strong><p>El \u00c1rea Metropolitana de C\u00facuta, por sus siglas AMC, es un esquema asociativo territorial, conforme a lo estipulado en la Ley 1454 2011. Esto significa que su naturaleza y composici\u00f3n difiere una entidad descentralizada del orden territorial. En este caso el municipio n\u00facleo AMC C\u00facuta comprende cinco m\u00e1s. De manera adopt\u00f3 propio logotipo, acorde al ya mencionado.<\/p>\n<\/div>\n\t\t\n\t\t\t\t\t\n    <\/div>\n\t<div title=\"Manual de Identidad Visual \u00c1rea Metropolitana de C\u00facuta\">\n       <a class='wpdm-download-link download-on-click btn btn-primary ' rel='nofollow' href='#' data-downloadurl=\"https:\/\/amc.gov.co\/amc\/download\/manual-de-identidad-visual-area-metropolitana-de-cucuta-2\/?wpdmdl=14320&refresh=69e517c25d5751776621506\">Descargar<\/a>\n    <\/div>\n    \n\n<\/div>\n\n\n<\/div> <\/div><\/div><\/div><\/div><\/div><div class=\"vce-col vce-col--md-10p vce-col--xs-1 vce-col--xs-last vce-col--xs-first vce-col--sm-last vce-col--sm-first vce-col--md-last vce-col--lg-last vce-col--xl-last\" id=\"el-1950e770\"><div class=\"vce-col-inner\" data-vce-do-apply=\"border margin background  el-1950e770\"><div class=\"vce-col-content\" data-vce-element-content=\"true\" data-vce-do-apply=\"padding el-1950e770\"><div><\/div><\/div><\/div><\/div><\/div><\/div><\/div><div class=\"vce-row-container\"><div class=\"vce-row vce-element--has-background vce-row--col-gap-30 vce-row-content--top\" data-vce-full-width=\"true\" data-vce-stretch-content=\"true\" id=\"el-53fa177f\" data-vce-do-apply=\"all el-53fa177f\"><div class=\"vce-content-background-container\"><div class=\"vce-asset-background-simple-container vce-visible-all-only vce-asset-background-simple--style-cover vce-asset-background-simple--position-center-top\"><div class=\"vce-asset-background-simple\">\r\n              <div class=\"vce-asset-background-simple-item vcv-lozad\" data-background-image=\"https:\/\/www.aunap.gov.co\/wp-content\/uploads\/2021\/08\/fondo-contadores.png\"><\/div>\r\n              <noscript>\r\n                <div class=\"vce-asset-background-simple-item\" style=\"background-image: url(https:\/\/www.aunap.gov.co\/wp-content\/uploads\/2021\/08\/fondo-contadores.png)\"><\/div>\r\n              <\/noscript>\r\n            <\/div><\/div><\/div><div class=\"vce-row-content\" data-vce-element-content=\"true\"><div class=\"vce-col vce-col--md-auto vce-col--xs-1 vce-col--xs-last vce-col--xs-first vce-col--sm-last vce-col--sm-first vce-col--md-first vce-col--lg-first vce-col--xl-first\" id=\"el-2feb329c\"><div class=\"vce-col-inner\" data-vce-do-apply=\"border margin background  el-2feb329c\"><div class=\"vce-col-content\" data-vce-element-content=\"true\" data-vce-do-apply=\"padding el-2feb329c\"><div class=\"vce-text-block\"><div class=\"vce-text-block-wrapper vce\" id=\"el-8e33d392\" data-vce-do-apply=\"all el-8e33d392\"><ul class=\"section-imprimir\"><br> \t<li class=\"share-print\" role=\"presentation\"><a title=\"Imprimir\" href=\"javascript:window.print(); void 0;\"><span class=\"fa fa-print fa-2x\" aria-hidden=\"true\"><\/span><span class=\"hidden\">Imprimir<\/span><\/a><\/li><br><\/ul><\/div><\/div><\/div><\/div><\/div><div class=\"vce-col vce-col--md-auto vce-col--xs-1 vce-col--xs-last vce-col--xs-first vce-col--sm-last vce-col--sm-first vce-col--md-last vce-col--lg-last vce-col--xl-last\" id=\"el-fcf78d0a\"><div class=\"vce-col-inner\" data-vce-do-apply=\"border margin background  el-fcf78d0a\"><div class=\"vce-col-content\" data-vce-element-content=\"true\" data-vce-do-apply=\"padding el-fcf78d0a\"><div class=\"vce-text-block\"><div class=\"vce-text-block-wrapper vce\" id=\"el-383adcb2\" data-vce-do-apply=\"all el-383adcb2\"><div class=\"section-count\">N\u00famero de visitas a esta p\u00e1gina 0<br>Fecha de publicaci\u00f3n 28 junio, 2024<br>\u00daltima modificaci\u00f3n 5 agosto, 2024<\/div><\/div><\/div><\/div><\/div><\/div><\/div><\/div><\/div>","protected":false},"excerpt":{"rendered":"<p>Inicio Transparencia y acceso a la informaci\u00f3n p\u00fablicaManual de Identidad&nbsp;VisualManual de Identidad Visual \u00c1rea Metropolitana de C\u00facuta IDENTIDAD INSTITUCIONAL &nbsp; JUSTIFICACI\u00d3N DE LOGO \u00c1rea Metropolitana de C\u00facuta, por sus siglas AMC, es un esquema asociativo territorial, conforme a lo estipulado en la Ley 1454 2011. Esto significa que su naturaleza y composici\u00f3n difiere una entidad&hellip; <a class=\"more-link\" href=\"https:\/\/amc.gov.co\/amc\/manual-de-identidad-visual\/\">Seguir leyendo <span class=\"screen-reader-text\">Manual de Identidad\u00a0Visual<\/span><\/a><\/p>\n","protected":false},"author":3,"featured_media":0,"parent":0,"menu_order":0,"comment_status":"closed","ping_status":"closed","template":"","meta":{"footnotes":"","_mc_calendar":[],"_joinchat":[]},"_links":{"self":[{"href":"https:\/\/amc.gov.co\/amc\/wp-json\/wp\/v2\/pages\/14298"}],"collection":[{"href":"https:\/\/amc.gov.co\/amc\/wp-json\/wp\/v2\/pages"}],"about":[{"href":"https:\/\/amc.gov.co\/amc\/wp-json\/wp\/v2\/types\/page"}],"author":[{"embeddable":true,"href":"https:\/\/amc.gov.co\/amc\/wp-json\/wp\/v2\/users\/3"}],"replies":[{"embeddable":true,"href":"https:\/\/amc.gov.co\/amc\/wp-json\/wp\/v2\/comments?post=14298"}],"version-history":[{"count":20,"href":"https:\/\/amc.gov.co\/amc\/wp-json\/wp\/v2\/pages\/14298\/revisions"}],"predecessor-version":[{"id":14379,"href":"https:\/\/amc.gov.co\/amc\/wp-json\/wp\/v2\/pages\/14298\/revisions\/14379"}],"wp:attachment":[{"href":"https:\/\/amc.gov.co\/amc\/wp-json\/wp\/v2\/media?parent=14298"}],"curies":[{"name":"wp","href":"https:\/\/api.w.org\/{rel}","templated":true}]}}