{"id":129,"date":"2021-12-28T23:38:44","date_gmt":"2021-12-29T04:38:44","guid":{"rendered":"https:\/\/amc.royaltech.dev\/?page_id=8049"},"modified":"2024-01-28T00:59:50","modified_gmt":"2024-01-28T05:59:50","slug":"san-cayetano","status":"publish","type":"page","link":"https:\/\/amc.gov.co\/amc\/san-cayetano\/","title":{"rendered":"San Cayetano"},"content":{"rendered":"<div class=\"vce-row-container\"><div class=\"vce-row vce-row--col-gap-30 vce-row-equal-height vce-row-content--top\" data-vce-full-width=\"true\" data-vce-stretch-content=\"true\" id=\"el-7d47a516\" data-vce-do-apply=\"all el-7d47a516\"><div class=\"vce-row-content\" data-vce-element-content=\"true\"><div class=\"vce-col vce-col--md-auto vce-col--xs-1 vce-col--xs-last vce-col--xs-first vce-col--sm-last vce-col--sm-first vce-col--md-last vce-col--lg-last vce-col--xl-last vce-col--md-first vce-col--lg-first vce-col--xl-first\" id=\"el-be57eaf6\"><div class=\"vce-col-inner\" data-vce-do-apply=\"border margin background  el-be57eaf6\"><div class=\"vce-col-content\" data-vce-element-content=\"true\" data-vce-do-apply=\"padding el-be57eaf6\"><div class=\"vce-text-block\"><div class=\"vce-text-block-wrapper vce\" id=\"el-54454657\" data-vce-do-apply=\"all el-54454657\"><nav aria-label=\"breadcrumb\"><br><ol class=\"breadcrumb gov-co-breadcrumb\"><br> \t<li class=\"breadcrumb-item\"><a href=\"\/\"><i class=\"fas fa-home\"><\/i> Inicio <\/a><\/li><br> \t<li class=\"breadcrumb-item active\" aria-current=\"page\"><a href=\"\/san-cayetano\/\">San Cayetano<\/a><\/li><br><br><\/ol><br><\/nav><\/div><\/div><\/div><\/div><\/div><\/div><\/div><\/div><div class=\"vce-row-container\"><div class=\"vce-row vce-row--col-gap-30 vce-row-equal-height vce-row-content--top\" data-vce-full-width=\"true\" data-vce-stretch-content=\"true\" id=\"el-6d418ade\" data-vce-do-apply=\"all el-6d418ade\"><div class=\"vce-row-content\" data-vce-element-content=\"true\"><div class=\"vce-col vce-col--md-20p vce-col--xs-1 vce-col--xs-last vce-col--xs-first vce-col--sm-last vce-col--sm-first vce-col--md-first vce-col--lg-first vce-col--xl-first\" id=\"el-2815093a\"><div class=\"vce-col-inner\" data-vce-do-apply=\"border margin background  el-2815093a\"><div class=\"vce-col-content\" data-vce-element-content=\"true\" data-vce-do-apply=\"padding el-2815093a\"><div><\/div><\/div><\/div><\/div><div class=\"vce-col vce-col--md-30p vce-col--xs-1 vce-col--xs-last vce-col--xs-first vce-col--sm-last vce-col--sm-first\" id=\"el-85ebc306\"><div class=\"vce-col-inner\" data-vce-do-apply=\"border margin background  el-85ebc306\"><div class=\"vce-col-content\" data-vce-element-content=\"true\" data-vce-do-apply=\"padding el-85ebc306\"><div class=\"vce-text-block\"><div class=\"vce-text-block-wrapper vce\" id=\"el-57ec29c2\" data-vce-do-apply=\"all el-57ec29c2\"><h1>&nbsp;<\/h1>\n<h1><span style=\"font-family: Montserrat; font-size: 24pt;\">San Cayetano<\/span><\/h1>\n<p>Alcalde: <strong>Wilson de Jes\u00fas P\u00e9rez Guti\u00e9rrez<\/strong><br>Fecha Fundaci\u00f3n: 22 mayo 1973<br>Habitantes 7.790<\/p><\/div><\/div><\/div><\/div><\/div><div class=\"vce-col vce-col--md-30p vce-col--xs-1 vce-col--xs-last vce-col--xs-first vce-col--sm-last vce-col--sm-first\" id=\"el-f9ece737\"><div class=\"vce-col-inner\" data-vce-do-apply=\"border margin background  el-f9ece737\"><div class=\"vce-col-content\" data-vce-element-content=\"true\" data-vce-do-apply=\"padding el-f9ece737\"><div class=\"vce-single-image-container vce-single-image--align-center\"><div class=\"vce vce-single-image-wrapper\" id=\"el-055efcef\" data-vce-do-apply=\"all el-055efcef\"><figure><div class=\"vce-single-image-figure-inner\" style=\"\"><a data-lightbox=\"lightbox-055efcef\" class=\"vce-single-image-inner vce-single-image--absolute vce-single-image--border-round\" style=\"width: 100%; padding-bottom: 100%;\"><\/a><\/div><figcaption hidden=\"\"><\/figcaption><\/figure><\/div><\/div><\/div><\/div><\/div><div class=\"vce-col vce-col--md-20p vce-col--xs-1 vce-col--xs-last vce-col--xs-first vce-col--sm-last vce-col--sm-first vce-col--md-last vce-col--lg-last vce-col--xl-last\" id=\"el-a2de7514\"><div class=\"vce-col-inner\" data-vce-do-apply=\"border margin background  el-a2de7514\"><div class=\"vce-col-content\" data-vce-element-content=\"true\" data-vce-do-apply=\"padding el-a2de7514\"><div><\/div><\/div><\/div><\/div><\/div><\/div><\/div><div class=\"vce-row-container\"><div class=\"vce-row vce-row--col-gap-30 vce-row-equal-height vce-row-content--top\" data-vce-full-width=\"true\" data-vce-stretch-content=\"true\" id=\"el-b03070ea\" data-vce-do-apply=\"all el-b03070ea\"><div class=\"vce-row-content\" data-vce-element-content=\"true\"><div class=\"vce-col vce-col--md-auto vce-col--xs-1 vce-col--xs-last vce-col--xs-first vce-col--sm-last vce-col--sm-first vce-col--md-last vce-col--lg-last vce-col--xl-last vce-col--md-first vce-col--lg-first vce-col--xl-first\" id=\"el-fbb8d49a\"><div class=\"vce-col-inner\" data-vce-do-apply=\"border margin background  el-fbb8d49a\"><div class=\"vce-col-content\" data-vce-element-content=\"true\" data-vce-do-apply=\"padding el-fbb8d49a\"><div class=\"vce-text-block\"><div class=\"vce-text-block-wrapper vce\" id=\"el-d2674ac2\" data-vce-do-apply=\"all el-d2674ac2\"><p><strong>Zona Urbana<\/strong><br>San Cayetano, con una temperatura de 30 grados, limita con los municipios de El Zulia, Bochalema, Durania, C\u00facuta y Santiago. Su cabecera municipal est\u00e1 a 17 kil\u00f3metros de C\u00facuta.<\/p><p><strong>Historia<\/strong><br>Los primeros colonizadores y habitantes de Salazar, fueron los de la aventura a fundar este municipio, en pos de una v\u00eda m\u00e1s cercana al mar, el capit\u00e1n Alfonso Esteban Rangel y Pedro Alonso de los Hoyos formaron una comisi\u00f3n para buscar una ruta que los condujera al lago de Maracaibo. El segundo de estos expedicionarios descubri\u00f3 el ri\u00f3 que lleva su nombre (Pedro Alonso) com\u00fanmente llamado Peralonso. Esta localidad fue fundada en 1773 por Calixto Lara y Pedro Santander. En 1784 fue elevada a la condici\u00f3n de parroquia. En 1875 fue totalmente destruida por el terremoto, siendo reedificada en el mismo sitio.<\/p><p><strong>Cultura turismo y gastronom\u00eda <\/strong><br>San Cayetano es una zona tur\u00edstica por excelencia que, al igual que el municipio del Zulia, est\u00e1 rodeada de balnearios. Presenta atractivos naturales y recreativos entre los que se destacan La Hamaca, la Quebrada de San Isidro y el Pozo de la Viga de Cristo. Adem\u00e1s, cuenta festividades tradicionales propias como las Ferias y fiesta en honor a San Cayetano, la Virgen del Carmen y el Perpetuo Socorro en Urimaco.<\/p><p><strong>Econom\u00eda <\/strong><br>Su principal actividad econ\u00f3mica en el cultivo de arroz, seguido del caf\u00e9, ma\u00edz, pl\u00e1tano, tomate, cacao, yuca, tabaco y frutas, representando el 74% de econom\u00eda. Tambi\u00e9n se destacan peque\u00f1as microempresas de tipo familiar dedicadas a la fabricaci\u00f3n de utensilios de madera, producci\u00f3n pecuaria, minera e industrial, ubic\u00e1ndolo como el quinto productor de carb\u00f3n del departamento. Cer\u00e1mica Andina S.A. y Termotasajero S.A. son dos de las industrias m\u00e1s s\u00f3lidas que generan desarrollo y empleo en la regi\u00f3n. Adicionalmente, cuenta con proyectos pisc\u00edcolas de cachama y trucha.<\/p><p><strong>Sus principales Festividades<\/strong><br>Agosto 7: Ferias y fiesta en honor al patrono San Cayetano.<br>Julio 16: Virgen del Carmen en el Corregimiento de Cornejo<br>Agosto 31 a septiembre 1: Virgen del Perpetuo Socorro en Urimaco<\/p><\/div><\/div><\/div><\/div><\/div><\/div><\/div><\/div><div class=\"vce-row-container\"><div class=\"vce-row vce-element--has-background vce-row--col-gap-30 vce-row-content--top\" data-vce-full-width=\"true\" data-vce-stretch-content=\"true\" id=\"el-3524bb4d\" data-vce-do-apply=\"all el-3524bb4d\"><div class=\"vce-content-background-container\"><div class=\"vce-asset-background-simple-container vce-visible-all-only vce-asset-background-simple--style-cover vce-asset-background-simple--position-center-top\"><div class=\"vce-asset-background-simple\"><div class=\"vce-asset-background-simple-item\" style=\"background-image: url('http:\/\/proyecto-364.com\/wp-content\/uploads\/2021\/08\/fondo-contadores.png');\"><\/div><\/div><\/div><\/div><div class=\"vce-row-content\" data-vce-element-content=\"true\"><div class=\"vce-col vce-col--md-auto vce-col--xs-1 vce-col--xs-last vce-col--xs-first vce-col--sm-last vce-col--sm-first vce-col--md-first vce-col--lg-first vce-col--xl-first\" id=\"el-5751e82f\"><div class=\"vce-col-inner\" data-vce-do-apply=\"border margin background  el-5751e82f\"><div class=\"vce-col-content\" data-vce-element-content=\"true\" data-vce-do-apply=\"padding el-5751e82f\"><div class=\"vce-text-block\"><div class=\"vce-text-block-wrapper vce\" id=\"el-b8a14ca8\" data-vce-do-apply=\"all el-b8a14ca8\"><ul class=\"section-imprimir\"><br> \t<li class=\"share-print\" role=\"presentation\"><a title=\"Imprimir\" href=\"javascript:window.print(); void 0;\"><span class=\"fa fa-print fa-2x\" aria-hidden=\"true\"><\/span><span class=\"hidden\">Imprimir<\/span><\/a><\/li><br><\/ul><\/div><\/div><\/div><\/div><\/div><div class=\"vce-col vce-col--md-auto vce-col--xs-1 vce-col--xs-last vce-col--xs-first vce-col--sm-last vce-col--sm-first vce-col--md-last vce-col--lg-last vce-col--xl-last\" id=\"el-39b71694\"><div class=\"vce-col-inner\" data-vce-do-apply=\"border margin background  el-39b71694\"><div class=\"vce-col-content\" data-vce-element-content=\"true\" data-vce-do-apply=\"padding el-39b71694\"><div class=\"vce-text-block\"><div class=\"vce-text-block-wrapper vce\" id=\"el-350ea6df\" data-vce-do-apply=\"all el-350ea6df\"><div class=\"section-count\">N\u00famero de visitas a esta p\u00e1gina 0<br>Fecha de publicaci\u00f3n 28 diciembre, 2021<br>\u00daltima modificaci\u00f3n 28 enero, 2024<\/div><\/div><\/div><\/div><\/div><\/div><\/div><\/div><\/div>","protected":false},"excerpt":{"rendered":"<p>Inicio San Cayetano&nbsp; San Cayetano Alcalde: Wilson de Jes\u00fas P\u00e9rez Guti\u00e9rrezFecha Fundaci\u00f3n: 22 mayo 1973Habitantes 7.790Zona UrbanaSan Cayetano, con una temperatura de 30 grados, limita con los municipios de El Zulia, Bochalema, Durania, C\u00facuta y Santiago. Su cabecera municipal est\u00e1 a 17 kil\u00f3metros de C\u00facuta.HistoriaLos primeros colonizadores y habitantes de Salazar, fueron los de la&hellip; <a class=\"more-link\" href=\"https:\/\/amc.gov.co\/amc\/san-cayetano\/\">Seguir leyendo <span class=\"screen-reader-text\">San Cayetano<\/span><\/a><\/p>\n","protected":false},"author":1,"featured_media":0,"parent":0,"menu_order":0,"comment_status":"closed","ping_status":"closed","template":"","meta":{"footnotes":"","_joinchat":[]},"_links":{"self":[{"href":"https:\/\/amc.gov.co\/amc\/wp-json\/wp\/v2\/pages\/129"}],"collection":[{"href":"https:\/\/amc.gov.co\/amc\/wp-json\/wp\/v2\/pages"}],"about":[{"href":"https:\/\/amc.gov.co\/amc\/wp-json\/wp\/v2\/types\/page"}],"author":[{"embeddable":true,"href":"https:\/\/amc.gov.co\/amc\/wp-json\/wp\/v2\/users\/1"}],"replies":[{"embeddable":true,"href":"https:\/\/amc.gov.co\/amc\/wp-json\/wp\/v2\/comments?post=129"}],"version-history":[{"count":6,"href":"https:\/\/amc.gov.co\/amc\/wp-json\/wp\/v2\/pages\/129\/revisions"}],"predecessor-version":[{"id":13527,"href":"https:\/\/amc.gov.co\/amc\/wp-json\/wp\/v2\/pages\/129\/revisions\/13527"}],"wp:attachment":[{"href":"https:\/\/amc.gov.co\/amc\/wp-json\/wp\/v2\/media?parent=129"}],"curies":[{"name":"wp","href":"https:\/\/api.w.org\/{rel}","templated":true}]}}