{"id":12598,"date":"2023-03-06T21:22:17","date_gmt":"2023-03-07T02:22:17","guid":{"rendered":"https:\/\/amc.gov.co\/amc\/?page_id=12598"},"modified":"2023-03-08T08:53:33","modified_gmt":"2023-03-08T13:53:33","slug":"asi-van-nuestras-obras-002","status":"publish","type":"page","link":"https:\/\/amc.gov.co\/amc\/asi-van-nuestras-obras-002\/","title":{"rendered":"As\u00ed van nuestras obras # 002"},"content":{"rendered":"<div class=\"vce-row-container\"><div class=\"vce-row vce-row--col-gap-30 vce-row-equal-height vce-row-content--top\" data-vce-full-width=\"true\" data-vce-stretch-content=\"true\" id=\"el-dddf25b1\" data-vce-do-apply=\"all el-dddf25b1\"><div class=\"vce-row-content\" data-vce-element-content=\"true\"><div class=\"vce-col vce-col--md-auto vce-col--xs-1 vce-col--xs-last vce-col--xs-first vce-col--sm-last vce-col--sm-first vce-col--md-last vce-col--lg-last vce-col--xl-last vce-col--md-first vce-col--lg-first vce-col--xl-first\" id=\"el-acd45603\"><div class=\"vce-col-inner\" data-vce-do-apply=\"border margin background  el-acd45603\"><div class=\"vce-col-content\" data-vce-element-content=\"true\" data-vce-do-apply=\"padding el-acd45603\"><div class=\"vce-text-block\"><div class=\"vce-text-block-wrapper vce\" id=\"el-553b0760\" data-vce-do-apply=\"all el-553b0760\"><nav aria-label=\"breadcrumb\"><br><ol class=\"breadcrumb gov-co-breadcrumb\"><br> \t<li class=\"breadcrumb-item\"><a href=\"\/amc\/\"><i class=\"fas fa-home\"><\/i> Inicio \/ <\/a><\/li><br>\t<li class=\"breadcrumb-item\"><a href=\"\/amc\/prensa\/\/\"><i class=\"fas fa-home\"><\/i> &nbsp; Prensa \/ <\/a><\/li><br>\t<li class=\"breadcrumb-item\"><a href=\"\/amc\/asi-van-nuestras-obras\/\"><i class=\"fas fa-home\"><\/i> &nbsp; Revista - As\u00ed van nuestras obras \/ <\/a><\/li><br>\t<li class=\"breadcrumb-item\"><a href=\"\/amc\/asi-van-nuestras-obras-002\/\"><i class=\"fas fa-home\"><\/i> &nbsp; Revista # 002 <\/a><\/li><br><\/ol><br><\/nav><\/div><\/div><\/div><\/div><\/div><\/div><\/div><\/div><div class=\"vce-row-container\"><div class=\"vce-row vce-row--col-gap-30 vce-row-equal-height vce-row-content--top\" data-vce-full-width=\"true\" data-vce-stretch-content=\"true\" id=\"el-dd0ea894\" data-vce-do-apply=\"all el-dd0ea894\"><div class=\"vce-row-content\" data-vce-element-content=\"true\"><div class=\"vce-col vce-col--md-auto vce-col--xs-1 vce-col--xs-last vce-col--xs-first vce-col--sm-last vce-col--sm-first vce-col--md-last vce-col--lg-last vce-col--xl-last vce-col--md-first vce-col--lg-first vce-col--xl-first\" id=\"el-d87e7e60\"><div class=\"vce-col-inner\" data-vce-do-apply=\"border margin background  el-d87e7e60\"><div class=\"vce-col-content\" data-vce-element-content=\"true\" data-vce-do-apply=\"padding el-d87e7e60\"><div class=\"vce-single-image-container vce-single-image--align-center\"><div class=\"vce vce-single-image-wrapper\" id=\"el-9ddae2c0\" data-vce-do-apply=\"all el-9ddae2c0\"><figure><div class=\"vce-single-image-figure-inner\" style=\"width: 4958px;\"><div class=\"vce-single-image-inner vce-single-image--absolute vce-single-image--border-rounded\" style=\"width: 100%; padding-bottom: 141.509%;\"><img loading=\"lazy\" decoding=\"async\" class=\"vce-single-image\"  width=\"4958\" height=\"7016\" srcset=\"https:\/\/amc.gov.co\/amc\/wp-content\/uploads\/2023\/03\/ASI-VAN-NUESTRAS-OBRAS-002_001-320x453.png 320w,https:\/\/amc.gov.co\/amc\/wp-content\/uploads\/2023\/03\/ASI-VAN-NUESTRAS-OBRAS-002_001-480x679.png 480w,https:\/\/amc.gov.co\/amc\/wp-content\/uploads\/2023\/03\/ASI-VAN-NUESTRAS-OBRAS-002_001-800x1132.png 800w,https:\/\/amc.gov.co\/amc\/wp-content\/uploads\/2023\/03\/ASI-VAN-NUESTRAS-OBRAS-002_001-4958x7016.png 4958w\" src=\"https:\/\/amc.gov.co\/amc\/wp-content\/uploads\/2023\/03\/ASI-VAN-NUESTRAS-OBRAS-002_001-4958x7016.png\" data-img-src=\"https:\/\/amc.gov.co\/amc\/wp-content\/uploads\/2023\/03\/ASI-VAN-NUESTRAS-OBRAS-002_001.png\" alt=\"\" title=\"As\u00ed van nuestras obras # 002\" \/><\/div><\/div><figcaption hidden=\"\"><\/figcaption><\/figure><\/div><\/div><div class=\"vce-single-image-container vce-single-image--align-center\"><div class=\"vce vce-single-image-wrapper\" id=\"el-372a3bdf\" data-vce-do-apply=\"all el-372a3bdf\"><figure><div class=\"vce-single-image-figure-inner\" style=\"width: 4958px;\"><div class=\"vce-single-image-inner vce-single-image--absolute vce-single-image--border-rounded\" style=\"width: 100%; padding-bottom: 141.509%;\"><img loading=\"lazy\" decoding=\"async\" class=\"vce-single-image\"  width=\"4958\" height=\"7016\" srcset=\"https:\/\/amc.gov.co\/amc\/wp-content\/uploads\/2023\/03\/ASI-VAN-NUESTRAS-OBRAS-002_002-320x453.png 320w,https:\/\/amc.gov.co\/amc\/wp-content\/uploads\/2023\/03\/ASI-VAN-NUESTRAS-OBRAS-002_002-480x679.png 480w,https:\/\/amc.gov.co\/amc\/wp-content\/uploads\/2023\/03\/ASI-VAN-NUESTRAS-OBRAS-002_002-800x1132.png 800w,https:\/\/amc.gov.co\/amc\/wp-content\/uploads\/2023\/03\/ASI-VAN-NUESTRAS-OBRAS-002_002-4958x7016.png 4958w\" src=\"https:\/\/amc.gov.co\/amc\/wp-content\/uploads\/2023\/03\/ASI-VAN-NUESTRAS-OBRAS-002_002-4958x7016.png\" data-img-src=\"https:\/\/amc.gov.co\/amc\/wp-content\/uploads\/2023\/03\/ASI-VAN-NUESTRAS-OBRAS-002_002.png\" alt=\"\" title=\"ASI VAN NUESTRAS OBRAS #002_002\" \/><\/div><\/div><figcaption hidden=\"\"><\/figcaption><\/figure><\/div><\/div><div class=\"vce-single-image-container vce-single-image--align-left\"><div class=\"vce vce-single-image-wrapper\" id=\"el-bec51eb9\" data-vce-do-apply=\"all el-bec51eb9\"><figure><div class=\"vce-single-image-figure-inner\" style=\"width: 4958px;\"><div class=\"vce-single-image-inner vce-single-image--absolute\" style=\"width: 100%; padding-bottom: 141.509%;\"><img loading=\"lazy\" decoding=\"async\" class=\"vce-single-image\"  width=\"4958\" height=\"7016\" srcset=\"https:\/\/amc.gov.co\/amc\/wp-content\/uploads\/2023\/03\/ASI-VAN-NUESTRAS-OBRAS-002_003-320x453.png 320w,https:\/\/amc.gov.co\/amc\/wp-content\/uploads\/2023\/03\/ASI-VAN-NUESTRAS-OBRAS-002_003-480x679.png 480w,https:\/\/amc.gov.co\/amc\/wp-content\/uploads\/2023\/03\/ASI-VAN-NUESTRAS-OBRAS-002_003-800x1132.png 800w,https:\/\/amc.gov.co\/amc\/wp-content\/uploads\/2023\/03\/ASI-VAN-NUESTRAS-OBRAS-002_003-4958x7016.png 4958w\" src=\"https:\/\/amc.gov.co\/amc\/wp-content\/uploads\/2023\/03\/ASI-VAN-NUESTRAS-OBRAS-002_003-4958x7016.png\" data-img-src=\"https:\/\/amc.gov.co\/amc\/wp-content\/uploads\/2023\/03\/ASI-VAN-NUESTRAS-OBRAS-002_003.png\" alt=\"\" title=\"ASI VAN NUESTRAS OBRAS #002_003\" \/><\/div><\/div><figcaption hidden=\"\"><\/figcaption><\/figure><\/div><\/div><div class=\"vce-single-image-container vce-single-image--align-left\"><div class=\"vce vce-single-image-wrapper\" id=\"el-05418b63\" data-vce-do-apply=\"all el-05418b63\"><figure><div class=\"vce-single-image-figure-inner\" style=\"width: 4958px;\"><div class=\"vce-single-image-inner vce-single-image--absolute\" style=\"width: 100%; padding-bottom: 141.509%;\"><img loading=\"lazy\" decoding=\"async\" class=\"vce-single-image\"  width=\"4958\" height=\"7016\" srcset=\"https:\/\/amc.gov.co\/amc\/wp-content\/uploads\/2023\/03\/ASI-VAN-NUESTRAS-OBRAS-002_004-320x453.png 320w,https:\/\/amc.gov.co\/amc\/wp-content\/uploads\/2023\/03\/ASI-VAN-NUESTRAS-OBRAS-002_004-480x679.png 480w,https:\/\/amc.gov.co\/amc\/wp-content\/uploads\/2023\/03\/ASI-VAN-NUESTRAS-OBRAS-002_004-800x1132.png 800w,https:\/\/amc.gov.co\/amc\/wp-content\/uploads\/2023\/03\/ASI-VAN-NUESTRAS-OBRAS-002_004-4958x7016.png 4958w\" src=\"https:\/\/amc.gov.co\/amc\/wp-content\/uploads\/2023\/03\/ASI-VAN-NUESTRAS-OBRAS-002_004-4958x7016.png\" data-img-src=\"https:\/\/amc.gov.co\/amc\/wp-content\/uploads\/2023\/03\/ASI-VAN-NUESTRAS-OBRAS-002_004.png\" alt=\"\" title=\"ASI VAN NUESTRAS OBRAS #002_004\" \/><\/div><\/div><figcaption hidden=\"\"><\/figcaption><\/figure><\/div><\/div><div class=\"vce-single-image-container vce-single-image--align-left\"><div class=\"vce vce-single-image-wrapper\" id=\"el-4e5b2ffb\" data-vce-do-apply=\"all el-4e5b2ffb\"><figure><div class=\"vce-single-image-figure-inner\" style=\"width: 4958px;\"><div class=\"vce-single-image-inner vce-single-image--absolute\" style=\"width: 100%; padding-bottom: 141.509%;\"><img loading=\"lazy\" decoding=\"async\" class=\"vce-single-image\"  width=\"4958\" height=\"7016\" srcset=\"https:\/\/amc.gov.co\/amc\/wp-content\/uploads\/2023\/03\/ASI-VAN-NUESTRAS-OBRAS-002_005-320x453.png 320w,https:\/\/amc.gov.co\/amc\/wp-content\/uploads\/2023\/03\/ASI-VAN-NUESTRAS-OBRAS-002_005-480x679.png 480w,https:\/\/amc.gov.co\/amc\/wp-content\/uploads\/2023\/03\/ASI-VAN-NUESTRAS-OBRAS-002_005-800x1132.png 800w,https:\/\/amc.gov.co\/amc\/wp-content\/uploads\/2023\/03\/ASI-VAN-NUESTRAS-OBRAS-002_005-4958x7016.png 4958w\" src=\"https:\/\/amc.gov.co\/amc\/wp-content\/uploads\/2023\/03\/ASI-VAN-NUESTRAS-OBRAS-002_005-4958x7016.png\" data-img-src=\"https:\/\/amc.gov.co\/amc\/wp-content\/uploads\/2023\/03\/ASI-VAN-NUESTRAS-OBRAS-002_005.png\" alt=\"\" title=\"ASI VAN NUESTRAS OBRAS #002_005\" \/><\/div><\/div><figcaption hidden=\"\"><\/figcaption><\/figure><\/div><\/div><div class=\"vce-single-image-container vce-single-image--align-center\"><div class=\"vce vce-single-image-wrapper\" id=\"el-abba860d\" data-vce-do-apply=\"all el-abba860d\"><figure><div class=\"vce-single-image-figure-inner\" style=\"width: 4958px;\"><div class=\"vce-single-image-inner vce-single-image--absolute vce-single-image--border-rounded\" style=\"width: 100%; padding-bottom: 141.509%;\"><img loading=\"lazy\" decoding=\"async\" class=\"vce-single-image\"  width=\"4958\" height=\"7016\" srcset=\"https:\/\/amc.gov.co\/amc\/wp-content\/uploads\/2023\/03\/ASI-VAN-NUESTRAS-OBRAS-002_006-320x453.png 320w,https:\/\/amc.gov.co\/amc\/wp-content\/uploads\/2023\/03\/ASI-VAN-NUESTRAS-OBRAS-002_006-480x679.png 480w,https:\/\/amc.gov.co\/amc\/wp-content\/uploads\/2023\/03\/ASI-VAN-NUESTRAS-OBRAS-002_006-800x1132.png 800w,https:\/\/amc.gov.co\/amc\/wp-content\/uploads\/2023\/03\/ASI-VAN-NUESTRAS-OBRAS-002_006-4958x7016.png 4958w\" src=\"https:\/\/amc.gov.co\/amc\/wp-content\/uploads\/2023\/03\/ASI-VAN-NUESTRAS-OBRAS-002_006-4958x7016.png\" data-img-src=\"https:\/\/amc.gov.co\/amc\/wp-content\/uploads\/2023\/03\/ASI-VAN-NUESTRAS-OBRAS-002_006.png\" alt=\"\" title=\"ASI VAN NUESTRAS OBRAS #002_006\" \/><\/div><\/div><figcaption hidden=\"\"><\/figcaption><\/figure><\/div><\/div><div class=\"vce-single-image-container vce-single-image--align-center\"><div class=\"vce vce-single-image-wrapper\" id=\"el-56ff8d20\" data-vce-do-apply=\"all el-56ff8d20\"><figure><div class=\"vce-single-image-figure-inner\" style=\"width: 4958px;\"><div class=\"vce-single-image-inner vce-single-image--absolute vce-single-image--border-rounded\" style=\"width: 100%; padding-bottom: 141.509%;\"><img loading=\"lazy\" decoding=\"async\" class=\"vce-single-image\"  width=\"4958\" height=\"7016\" srcset=\"https:\/\/amc.gov.co\/amc\/wp-content\/uploads\/2023\/03\/ASI-VAN-NUESTRAS-OBRAS-002_007-320x453.png 320w,https:\/\/amc.gov.co\/amc\/wp-content\/uploads\/2023\/03\/ASI-VAN-NUESTRAS-OBRAS-002_007-480x679.png 480w,https:\/\/amc.gov.co\/amc\/wp-content\/uploads\/2023\/03\/ASI-VAN-NUESTRAS-OBRAS-002_007-800x1132.png 800w,https:\/\/amc.gov.co\/amc\/wp-content\/uploads\/2023\/03\/ASI-VAN-NUESTRAS-OBRAS-002_007-4958x7016.png 4958w\" src=\"https:\/\/amc.gov.co\/amc\/wp-content\/uploads\/2023\/03\/ASI-VAN-NUESTRAS-OBRAS-002_007-4958x7016.png\" data-img-src=\"https:\/\/amc.gov.co\/amc\/wp-content\/uploads\/2023\/03\/ASI-VAN-NUESTRAS-OBRAS-002_007.png\" alt=\"\" title=\"ASI VAN NUESTRAS OBRAS #002_007\" \/><\/div><\/div><figcaption hidden=\"\"><\/figcaption><\/figure><\/div><\/div><div class=\"vce-single-image-container vce-single-image--align-center\"><div class=\"vce vce-single-image-wrapper\" id=\"el-bc4a6be9\" data-vce-do-apply=\"all el-bc4a6be9\"><figure><div class=\"vce-single-image-figure-inner\" style=\"width: 4958px;\"><div class=\"vce-single-image-inner vce-single-image--absolute vce-single-image--border-rounded\" style=\"width: 100%; padding-bottom: 141.509%;\"><img loading=\"lazy\" decoding=\"async\" class=\"vce-single-image\"  width=\"4958\" height=\"7016\" srcset=\"https:\/\/amc.gov.co\/amc\/wp-content\/uploads\/2023\/03\/ASI-VAN-NUESTRAS-OBRAS-002_008-320x453.png 320w,https:\/\/amc.gov.co\/amc\/wp-content\/uploads\/2023\/03\/ASI-VAN-NUESTRAS-OBRAS-002_008-480x679.png 480w,https:\/\/amc.gov.co\/amc\/wp-content\/uploads\/2023\/03\/ASI-VAN-NUESTRAS-OBRAS-002_008-800x1132.png 800w,https:\/\/amc.gov.co\/amc\/wp-content\/uploads\/2023\/03\/ASI-VAN-NUESTRAS-OBRAS-002_008-4958x7016.png 4958w\" src=\"https:\/\/amc.gov.co\/amc\/wp-content\/uploads\/2023\/03\/ASI-VAN-NUESTRAS-OBRAS-002_008-4958x7016.png\" data-img-src=\"https:\/\/amc.gov.co\/amc\/wp-content\/uploads\/2023\/03\/ASI-VAN-NUESTRAS-OBRAS-002_008.png\" alt=\"\" title=\"ASI VAN NUESTRAS OBRAS #002_008\" \/><\/div><\/div><figcaption hidden=\"\"><\/figcaption><\/figure><\/div><\/div><div class=\"vce-single-image-container vce-single-image--align-center\"><div class=\"vce vce-single-image-wrapper\" id=\"el-fd04e6ff\" data-vce-do-apply=\"all el-fd04e6ff\"><figure><div class=\"vce-single-image-figure-inner\" style=\"width: 4958px;\"><div class=\"vce-single-image-inner vce-single-image--absolute vce-single-image--border-rounded\" style=\"width: 100%; padding-bottom: 141.509%;\"><img loading=\"lazy\" decoding=\"async\" class=\"vce-single-image\"  width=\"4958\" height=\"7016\" srcset=\"https:\/\/amc.gov.co\/amc\/wp-content\/uploads\/2023\/03\/ASI-VAN-NUESTRAS-OBRAS-002_009-320x453.png 320w,https:\/\/amc.gov.co\/amc\/wp-content\/uploads\/2023\/03\/ASI-VAN-NUESTRAS-OBRAS-002_009-480x679.png 480w,https:\/\/amc.gov.co\/amc\/wp-content\/uploads\/2023\/03\/ASI-VAN-NUESTRAS-OBRAS-002_009-800x1132.png 800w,https:\/\/amc.gov.co\/amc\/wp-content\/uploads\/2023\/03\/ASI-VAN-NUESTRAS-OBRAS-002_009-4958x7016.png 4958w\" src=\"https:\/\/amc.gov.co\/amc\/wp-content\/uploads\/2023\/03\/ASI-VAN-NUESTRAS-OBRAS-002_009-4958x7016.png\" data-img-src=\"https:\/\/amc.gov.co\/amc\/wp-content\/uploads\/2023\/03\/ASI-VAN-NUESTRAS-OBRAS-002_009.png\" alt=\"\" title=\"ASI VAN NUESTRAS OBRAS #002_009\" \/><\/div><\/div><figcaption hidden=\"\"><\/figcaption><\/figure><\/div><\/div><div class=\"vce-single-image-container vce-single-image--align-center\"><div class=\"vce vce-single-image-wrapper\" id=\"el-92528f1b\" data-vce-do-apply=\"all el-92528f1b\"><figure><div class=\"vce-single-image-figure-inner\" style=\"width: 4958px;\"><div class=\"vce-single-image-inner vce-single-image--absolute vce-single-image--border-rounded\" style=\"width: 100%; padding-bottom: 141.509%;\"><img loading=\"lazy\" decoding=\"async\" class=\"vce-single-image\"  width=\"4958\" height=\"7016\" srcset=\"https:\/\/amc.gov.co\/amc\/wp-content\/uploads\/2023\/03\/ASI-VAN-NUESTRAS-OBRAS-002_010-320x453.png 320w,https:\/\/amc.gov.co\/amc\/wp-content\/uploads\/2023\/03\/ASI-VAN-NUESTRAS-OBRAS-002_010-480x679.png 480w,https:\/\/amc.gov.co\/amc\/wp-content\/uploads\/2023\/03\/ASI-VAN-NUESTRAS-OBRAS-002_010-800x1132.png 800w,https:\/\/amc.gov.co\/amc\/wp-content\/uploads\/2023\/03\/ASI-VAN-NUESTRAS-OBRAS-002_010-4958x7016.png 4958w\" src=\"https:\/\/amc.gov.co\/amc\/wp-content\/uploads\/2023\/03\/ASI-VAN-NUESTRAS-OBRAS-002_010-4958x7016.png\" data-img-src=\"https:\/\/amc.gov.co\/amc\/wp-content\/uploads\/2023\/03\/ASI-VAN-NUESTRAS-OBRAS-002_010.png\" alt=\"\" title=\"ASI VAN NUESTRAS OBRAS #002_010\" \/><\/div><\/div><figcaption hidden=\"\"><\/figcaption><\/figure><\/div><\/div><\/div><\/div><\/div><\/div><\/div><\/div><div class=\"vce-row-container\"><div class=\"vce-row vce-row--col-gap-30 vce-row-equal-height vce-row-content--top\" data-vce-full-width=\"true\" data-vce-stretch-content=\"true\" id=\"el-6619a558\" data-vce-do-apply=\"all el-6619a558\"><div class=\"vce-row-content\" data-vce-element-content=\"true\"><div class=\"vce-col vce-col--md-auto vce-col--xs-1 vce-col--xs-last vce-col--xs-first vce-col--sm-last vce-col--sm-first vce-col--md-last vce-col--lg-last vce-col--xl-last vce-col--md-first vce-col--lg-first vce-col--xl-first\" id=\"el-be487eb1\"><div class=\"vce-col-inner\" data-vce-do-apply=\"border margin background  el-be487eb1\"><div class=\"vce-col-content\" data-vce-element-content=\"true\" data-vce-do-apply=\"padding el-be487eb1\"><div><\/div><\/div><\/div><\/div><\/div><\/div><\/div><div class=\"vce-row-container\"><div class=\"vce-row vce-element--has-background vce-row--col-gap-30 vce-row-content--top\" data-vce-full-width=\"true\" data-vce-stretch-content=\"true\" id=\"el-53fa177f\" data-vce-do-apply=\"all el-53fa177f\"><div class=\"vce-content-background-container\"><div class=\"vce-asset-background-simple-container vce-visible-all-only vce-asset-background-simple--style-cover vce-asset-background-simple--position-center-top\"><div class=\"vce-asset-background-simple\">\n              <div class=\"vce-asset-background-simple-item vcv-lozad\" data-background-image=\"https:\/\/www.aunap.gov.co\/wp-content\/uploads\/2021\/08\/fondo-contadores.png\"><\/div>\n              <noscript>\n                <div class=\"vce-asset-background-simple-item\" style=\"background-image: url(https:\/\/www.aunap.gov.co\/wp-content\/uploads\/2021\/08\/fondo-contadores.png)\"><\/div>\n              <\/noscript>\n            <\/div><\/div><\/div><div class=\"vce-row-content\" data-vce-element-content=\"true\"><div class=\"vce-col vce-col--md-auto vce-col--xs-1 vce-col--xs-last vce-col--xs-first vce-col--sm-last vce-col--sm-first vce-col--md-first vce-col--lg-first vce-col--xl-first\" id=\"el-2feb329c\"><div class=\"vce-col-inner\" data-vce-do-apply=\"border margin background  el-2feb329c\"><div class=\"vce-col-content\" data-vce-element-content=\"true\" data-vce-do-apply=\"padding el-2feb329c\"><div class=\"vce-text-block\"><div class=\"vce-text-block-wrapper vce\" id=\"el-8e33d392\" data-vce-do-apply=\"all el-8e33d392\"><ul class=\"section-imprimir\"><br> \t<li class=\"share-print\" role=\"presentation\"><a title=\"Imprimir\" href=\"javascript:window.print(); void 0;\"><span class=\"fa fa-print fa-2x\" aria-hidden=\"true\"><\/span><span class=\"hidden\">Imprimir<\/span><\/a><\/li><br><\/ul><\/div><\/div><\/div><\/div><\/div><div class=\"vce-col vce-col--md-auto vce-col--xs-1 vce-col--xs-last vce-col--xs-first vce-col--sm-last vce-col--sm-first vce-col--md-last vce-col--lg-last vce-col--xl-last\" id=\"el-fcf78d0a\"><div class=\"vce-col-inner\" data-vce-do-apply=\"border margin background  el-fcf78d0a\"><div class=\"vce-col-content\" data-vce-element-content=\"true\" data-vce-do-apply=\"padding el-fcf78d0a\"><div class=\"vce-text-block\"><div class=\"vce-text-block-wrapper vce\" id=\"el-383adcb2\" data-vce-do-apply=\"all el-383adcb2\"><div class=\"section-count\">N\u00famero de visitas a esta p\u00e1gina 0<br>Fecha de publicaci\u00f3n 6 marzo, 2023<br>\u00daltima modificaci\u00f3n 8 marzo, 2023<\/div><\/div><\/div><\/div><\/div><\/div><\/div><\/div><\/div>","protected":false},"excerpt":{"rendered":"<p>Inicio \/ &nbsp; Prensa \/ &nbsp; Revista &#8211; As\u00ed van nuestras obras \/ &nbsp; Revista # 002 ImprimirN\u00famero de visitas a esta p\u00e1gina Fecha de publicaci\u00f3n \u00daltima modificaci\u00f3n<\/p>\n","protected":false},"author":3,"featured_media":0,"parent":0,"menu_order":0,"comment_status":"closed","ping_status":"closed","template":"","meta":{"footnotes":"","_mc_calendar":[],"_joinchat":[]},"_links":{"self":[{"href":"https:\/\/amc.gov.co\/amc\/wp-json\/wp\/v2\/pages\/12598"}],"collection":[{"href":"https:\/\/amc.gov.co\/amc\/wp-json\/wp\/v2\/pages"}],"about":[{"href":"https:\/\/amc.gov.co\/amc\/wp-json\/wp\/v2\/types\/page"}],"author":[{"embeddable":true,"href":"https:\/\/amc.gov.co\/amc\/wp-json\/wp\/v2\/users\/3"}],"replies":[{"embeddable":true,"href":"https:\/\/amc.gov.co\/amc\/wp-json\/wp\/v2\/comments?post=12598"}],"version-history":[{"count":8,"href":"https:\/\/amc.gov.co\/amc\/wp-json\/wp\/v2\/pages\/12598\/revisions"}],"predecessor-version":[{"id":12701,"href":"https:\/\/amc.gov.co\/amc\/wp-json\/wp\/v2\/pages\/12598\/revisions\/12701"}],"wp:attachment":[{"href":"https:\/\/amc.gov.co\/amc\/wp-json\/wp\/v2\/media?parent=12598"}],"curies":[{"name":"wp","href":"https:\/\/api.w.org\/{rel}","templated":true}]}}