{"id":106,"date":"2021-12-27T18:17:53","date_gmt":"2021-12-27T23:17:53","guid":{"rendered":"https:\/\/amc.royaltech.dev\/?page_id=8003"},"modified":"2025-11-01T21:26:10","modified_gmt":"2025-11-02T02:26:10","slug":"oficina-juridica","status":"publish","type":"page","link":"https:\/\/amc.gov.co\/amc\/oficina-juridica\/","title":{"rendered":"Oficina Jur\u00eddica"},"content":{"rendered":"<div class=\"vce-row-container\"><div class=\"vce-row vce-row--col-gap-30 vce-row-equal-height vce-row-content--top\" data-vce-full-width=\"true\" data-vce-stretch-content=\"true\" id=\"el-4fe30764\" data-vce-do-apply=\"all el-4fe30764\"><div class=\"vce-row-content\" data-vce-element-content=\"true\"><div class=\"vce-col vce-col--md-auto vce-col--xs-1 vce-col--xs-last vce-col--xs-first vce-col--sm-last vce-col--sm-first vce-col--md-last vce-col--lg-last vce-col--xl-last vce-col--md-first vce-col--lg-first vce-col--xl-first\" id=\"el-3bc17a00\"><div class=\"vce-col-inner\" data-vce-do-apply=\"border margin background  el-3bc17a00\"><div class=\"vce-col-content\" data-vce-element-content=\"true\" data-vce-do-apply=\"padding el-3bc17a00\"><div class=\"vce-text-block\"><div class=\"vce-text-block-wrapper vce\" id=\"el-7a13eefd\" data-vce-do-apply=\"all el-7a13eefd\"><nav aria-label=\"breadcrumb\"><br><ol class=\"breadcrumb gov-co-breadcrumb\"><br> \t<li class=\"breadcrumb-item\"><a href=\"\/\"><i class=\"fas fa-home\"><\/i> Inicio <\/a><\/li><br> \t<li class=\"breadcrumb-item active\" aria-current=\"page\"><a href=\"\/oficina-juridica\/\">Oficina Jur\u00eddica<\/a><\/li><br><\/ol><br><\/nav><\/div><\/div><\/div><\/div><\/div><\/div><\/div><\/div><div class=\"vce-row-container\"><div class=\"vce-row vce-row--col-gap-30 vce-row-equal-height vce-row-content--top\" data-vce-full-width=\"true\" data-vce-stretch-content=\"true\" id=\"el-940e4db9\" data-vce-do-apply=\"all el-940e4db9\"><div class=\"vce-row-content\" data-vce-element-content=\"true\"><div class=\"vce-col vce-col--md-25p vce-col--xs-1 vce-col--xs-last vce-col--xs-first vce-col--sm-last vce-col--sm-first vce-col--md-first vce-col--lg-first vce-col--xl-first\" id=\"el-a20d8d14\"><div class=\"vce-col-inner\" data-vce-do-apply=\"border margin background  el-a20d8d14\"><div class=\"vce-col-content\" data-vce-element-content=\"true\" data-vce-do-apply=\"padding el-a20d8d14\"><div class=\"vcv-row-control-wrapper\"><\/div><\/div><\/div><\/div><div class=\"vce-col vce-col--md-25p vce-col--xs-1 vce-col--xs-last vce-col--xs-first vce-col--sm-last vce-col--sm-first\" id=\"el-464b831c\"><div class=\"vce-col-inner\" data-vce-do-apply=\"border margin background  el-464b831c\"><div class=\"vce-col-content\" data-vce-element-content=\"true\" data-vce-do-apply=\"padding el-464b831c\"><div class=\"vce-text-block\"><div class=\"vce-text-block-wrapper vce\" id=\"el-619580bc\" data-vce-do-apply=\"all el-619580bc\"><h1>&nbsp;<\/h1>\n<h1>&nbsp;<\/h1>\n<h1 style=\"text-align: center;\"><span style=\"color: #28375d;\"><strong><span style=\"font-family: Montserrat; font-size: 24pt;\">Oficina Jur\u00eddica<\/span><\/strong><\/span><\/h1><\/div><\/div><\/div><\/div><\/div><div class=\"vce-col vce-col--md-25p vce-col--xs-1 vce-col--xs-last vce-col--xs-first vce-col--sm-last vce-col--sm-first\" id=\"el-e5d03f5e\"><div class=\"vce-col-inner\" data-vce-do-apply=\"border margin background  el-e5d03f5e\"><div class=\"vce-col-content\" data-vce-element-content=\"true\" data-vce-do-apply=\"padding el-e5d03f5e\"><div class=\"vce-single-image-container vce-single-image--align-center\"><div class=\"vce vce-single-image-wrapper\" id=\"el-41de547e\" data-vce-do-apply=\"all el-41de547e\"><figure><div class=\"vce-single-image-figure-inner\" style=\"width: 1707px;\"><a href=\"https:\/\/amc.gov.co\/amc\/wp-content\/uploads\/2025\/07\/Maria-Eugenia-Ararat-Diaz-scaled.jpg\" data-lightbox=\"lightbox-41de547e\" class=\"vce-single-image-inner vce-single-image--absolute vce-single-image--border-round\" style=\"width: 100%; padding-bottom: 100%;\"><img loading=\"lazy\" decoding=\"async\" class=\"vce-single-image\"  width=\"1707\" height=\"1707\" srcset=\"https:\/\/amc.gov.co\/amc\/wp-content\/uploads\/2025\/07\/Maria-Eugenia-Ararat-Diaz-320x213.jpg 320w, https:\/\/amc.gov.co\/amc\/wp-content\/uploads\/2025\/07\/Maria-Eugenia-Ararat-Diaz-480x320.jpg 480w, https:\/\/amc.gov.co\/amc\/wp-content\/uploads\/2025\/07\/Maria-Eugenia-Ararat-Diaz-800x533.jpg 800w, https:\/\/amc.gov.co\/amc\/wp-content\/uploads\/2025\/11\/Maria-Eugenia-Ararat-Diaz-scaled-1707x1707.jpg 1707w\" src=\"https:\/\/amc.gov.co\/amc\/wp-content\/uploads\/2025\/11\/Maria-Eugenia-Ararat-Diaz-scaled-1707x1707.jpg\" data-img-src=\"https:\/\/amc.gov.co\/amc\/wp-content\/uploads\/2025\/07\/Maria-Eugenia-Ararat-Diaz-scaled.jpg\" data-attachment-id=\"15559\"  alt=\"Jefe de Oficina Jur\u00eddica - Dra. Mar\u00eda Eugenia Ararat D\u00edaz\" title=\"Mar\u00eda Eugenia Ararat D\u00edaz\" \/><\/a><\/div><figcaption>Mar\u00eda Eugenia Ararat D\u00edaz<\/figcaption><\/figure><\/div><\/div><\/div><\/div><\/div><div class=\"vce-col vce-col--md-25p vce-col--xs-1 vce-col--xs-last vce-col--xs-first vce-col--sm-last vce-col--sm-first vce-col--md-last vce-col--lg-last vce-col--xl-last\" id=\"el-a4f87407\"><div class=\"vce-col-inner\" data-vce-do-apply=\"border margin background  el-a4f87407\"><div class=\"vce-col-content\" data-vce-element-content=\"true\" data-vce-do-apply=\"padding el-a4f87407\"><div class=\"vcv-row-control-wrapper\"><\/div><\/div><\/div><\/div><\/div><\/div><\/div><div class=\"vce-row-container\"><div class=\"vce-row vce-row--col-gap-30 vce-row-equal-height vce-row-content--top\" data-vce-full-width=\"true\" data-vce-stretch-content=\"true\" id=\"el-5e3ac062\" data-vce-do-apply=\"all el-5e3ac062\"><div class=\"vce-row-content\" data-vce-element-content=\"true\"><div class=\"vce-col vce-col--md-auto vce-col--xs-1 vce-col--xs-last vce-col--xs-first vce-col--sm-last vce-col--sm-first vce-col--md-last vce-col--lg-last vce-col--xl-last vce-col--md-first vce-col--lg-first vce-col--xl-first\" id=\"el-f4839e3b\"><div class=\"vce-col-inner\" data-vce-do-apply=\"border margin background  el-f4839e3b\"><div class=\"vce-col-content\" data-vce-element-content=\"true\" data-vce-do-apply=\"padding el-f4839e3b\"><div class=\"vce-text-block\"><div class=\"vce-text-block-wrapper vce\" id=\"el-e1658fd8\" data-vce-do-apply=\"all el-e1658fd8\"><p><span style=\"color: #808080;\"><strong><span style=\"color: #28375d;\"><span style=\"font-style: normal;\"><span style=\"color: #28375d;\">PERFIL<\/span><\/span><\/span><span style=\"color: #28375d;\"><span style=\"font-style: normal;\"><span style=\"color: #28375d;\"> PROFESIONAL:<\/span><\/span><\/span><\/strong>Abogada egresada de la Universidad Libre de Colombia Seccional C\u00facuta.<strong><br><\/strong><\/span><\/p>\n<p><span style=\"color: #808080;\">Especialista&nbsp; en Derecho Ambiental, con mas de 36 a\u00f1os de experiencia, al servicio del Estado, desarrollando funciones administrativas. Profesional integra, con s\u00f3lidos valores \u00e9ticos y morales, comprometida con el servicio p\u00fablico, desde el ejercicio del derecho con \u00e9tica, responsabilidad y justicia.<\/span><\/p>\n<p><strong><span style=\"color: #28375d;\">PROP\u00d3SITO PRINCIPAL<\/span><\/strong><\/p>\n<p><span style=\"color: #808080; font-weight: 400; font-style: normal;\">Dise\u00f1ar, organizar, coordinar, controlar y ejecutar los procesos y procedimientos relacionados con las pol\u00edticas de gerencia jur\u00eddica y de prevenci\u00f3n del da\u00f1o antijur\u00eddico para la defensa de los intereses de la entidad participando en la definici\u00f3n de sus riesgos jur\u00eddicos, conforme a las normas vigentes en la materia.<\/span><\/p>\n<p><strong><span style=\"color: #28375d;\">FUNCIONES<\/span><\/strong><\/p>\n<p><strong><span style=\"color: #28375d;\">A. \u00c1rea de conceptos jur\u00eddicos<\/span><\/strong><\/p>\n<ol>\n<li><span style=\"color: #808080;\">Asesorar, mediante la emisi\u00f3n de conceptos jur\u00eddicos, en todos los asuntos jur\u00eddicos relacionados con la entidad.<\/span><\/li>\n<li><span style=\"color: #808080;\">Orientar y difundir los criterios de car\u00e1cter jur\u00eddico que deban ser observados por las&nbsp;&nbsp; dependencias y servidores de la entidad, en sus actuaciones.<\/span><\/li>\n<li><span style=\"color: #808080;\">Elaborar, revisar y conceptuar sobre los diferentes Actos Administrativos que deban ser firmados o aprobados por el director, el Alcalde Metropolitano o la Junta Metropolitana.<\/span><\/li>\n<li><span style=\"color: #808080;\">Recopilar, actualizar, sistematizar, difundir y explicar las normas y documentos de car\u00e1cter jur\u00eddico que interesan a la entidad.<\/span><\/li>\n<\/ol>\n<p><strong><span style=\"color: #28375d;\">B. \u00c1rea de procesos judiciales y administrativos<\/span><\/strong><\/p>\n<ol>\n<li><span style=\"color: #808080;\">Llevar de manera adecuada e id\u00f3nea, la representaci\u00f3n judicial o extrajudicial en los asuntos en que la entidad sea parte o tenga inter\u00e9s, de acuerdo con los poderes otorgados.<\/span><\/li>\n<li><span style=\"color: #808080;\">Asistir y asesorar, al Comit\u00e9 de Conciliaci\u00f3n y Defensa Judicial de la entidad en los asuntos que sean de su conocimiento de conformidad con las disposiciones legales.<\/span><\/li>\n<li><span style=\"color: #808080;\">Velar porque las decisiones adoptadas por el Comit\u00e9 de conciliaci\u00f3n y Defensa Judicial de la entidad sean cumplidas por sus distintos apoderados.<\/span><\/li>\n<li><span style=\"color: #808080;\">Coordinar, orientar y supervisar la gesti\u00f3n de los apoderados contratados para llevar su representaci\u00f3n judicial o extrajudicial en asuntos especiales.<\/span><\/li>\n<li><span style=\"color: #808080;\">Orientar y asesor a las distintas dependencias de la entidad y a sus servidores p\u00fablicos en la rendici\u00f3n de informes solicitados por los distintos juzgados, tribunales y entes de control relacionados con procesos judiciales en los que la entidad sea parte.<\/span><\/li>\n<li><span style=\"color: #808080;\">Velar porque las decisiones y sentencias judiciales que involucran a la entidad se cumplan dentro de los t\u00e9rminos y en las condiciones establecidas en dichas decisiones.<\/span><\/li>\n<li><span style=\"color: #808080;\">Administrar, manejar, custodiar y actualizar los expedientes o archivos relacionados con los procesos judiciales y administrativos en el que la entidad sea parte o tenga inter\u00e9s.<\/span><\/li>\n<li><span style=\"color: #808080;\">Adelantar los procesos de cobro coactivo de conformidad con las disposiciones legales y reglamentarias que le sean aplicables y los actos administrativos de delegaci\u00f3n.<\/span><\/li>\n<li><span style=\"color: #808080;\">Rendir informe sobre el estado de los procesos judiciales y administrativos en los que la entidad sea parte y sobre las conciliaciones adelantadas o en tr\u00e1mite.<\/span><\/li>\n<\/ol>\n<p><strong><span style=\"color: #28375d;\">C. \u00c1rea de Control Interno Disciplinario <\/span><\/strong><\/p>\n<ol>\n<li><span style=\"color: #808080;\">Adelantar la investigaci\u00f3n y\/o instrucci\u00f3n de los procesos disciplinarios contra los servidores y ex - servidores p\u00fablicos de la entidad de conformidad con las disposiciones consagradas en la Ley 1952 de 2019, o en las normas que la modifiquen o complementen.<\/span><\/li>\n<li><span style=\"color: #808080;\">Proyectar las resoluciones de cumplimiento de las sanciones disciplinarias impuestas, para firma del funcionario competente<\/span><\/li>\n<li><span style=\"color: #808080;\">Verificar el seguimiento a la ejecuci\u00f3n de las sanciones disciplinarias que se impongan a los servidores y ex servidores de la entidad.<\/span><\/li>\n<li><span style=\"color: #808080;\">Rendir los informes que resulten pertinentes ante la Procuradur\u00eda General de la Naci\u00f3n.<\/span><\/li>\n<li><span style=\"color: #808080;\">Las dem\u00e1s que se le asignen y que correspondan a la naturaleza del empleo.<\/span><\/li>\n<\/ol>\n<p><strong><span style=\"color: #28375d;\">D. \u00c1rea de asuntos contractuales<\/span><\/strong><\/p>\n<ol>\n<li><span style=\"color: #808080;\">Asesorar a las diferentes dependencias de la entidad en las actuaciones precontractuales y contractuales que deban adelantar.<\/span><\/li>\n<li><span style=\"color: #808080;\">Elaborar, proyectar o revisar los contratos y\/o convenios que deba celebrar la entidad.<\/span><\/li>\n<li><span style=\"color: #808080;\">Elaborar, proyectar o revisar los actos administrativos de car\u00e1cter contractual.<\/span><\/li>\n<li><span style=\"color: #808080;\">Rendir, a solicitud de las diferentes dependencias o servidores p\u00fablicos de la administraci\u00f3n, conceptos jur\u00eddicos sobre los distintos procesos precontractuales o contractuales adelantados, o que se deban adelantar.<\/span><\/li>\n<li><span style=\"color: #808080;\">Las dem\u00e1s que se le asignen y que correspondan a la naturaleza del empleo.<\/span><\/li>\n<\/ol>\n<p>&nbsp;<\/p>\n<p>&nbsp;<\/p>\n<p><em><span style=\"color: #808080;\">Resoluci\u00f3n Metropolitana No. 018 \u2013 2024 \/ Enero 15 de 2024<\/span><\/em><\/p>\n<p><em><span style=\"color: #808080;\">Por la cual se adopta el Manual de Funciones, requisitos y competencias laborales de la planta de empleados del \u00c1rea Metropolitana de C\u00facuta.<\/span><\/em><\/p><\/div><\/div><\/div><\/div><\/div><\/div><\/div><\/div><div class=\"vce-row-container\"><div class=\"vce-row vce-element--has-background vce-row--col-gap-30 vce-row-content--top\" data-vce-full-width=\"true\" data-vce-stretch-content=\"true\" id=\"el-ab87c0b8\" data-vce-do-apply=\"all el-ab87c0b8\"><div class=\"vce-content-background-container\"><div class=\"vce-asset-background-simple-container vce-visible-all-only vce-asset-background-simple--style-cover vce-asset-background-simple--position-center-top\"><div class=\"vce-asset-background-simple\"><div class=\"vce-asset-background-simple-item\" style=\"background-image: url('http:\/\/proyecto-364.com\/wp-content\/uploads\/2021\/08\/fondo-contadores.png');\"><\/div><\/div><\/div><\/div><div class=\"vce-row-content\" data-vce-element-content=\"true\"><div class=\"vce-col vce-col--md-auto vce-col--xs-1 vce-col--xs-last vce-col--xs-first vce-col--sm-last vce-col--sm-first vce-col--md-first vce-col--lg-first vce-col--xl-first\" id=\"el-493fe258\"><div class=\"vce-col-inner\" data-vce-do-apply=\"border margin background  el-493fe258\"><div class=\"vce-col-content\" data-vce-element-content=\"true\" data-vce-do-apply=\"padding el-493fe258\"><div class=\"vce-text-block\"><div class=\"vce-text-block-wrapper vce\" id=\"el-fc79d8bc\" data-vce-do-apply=\"all el-fc79d8bc\"><ul class=\"section-imprimir\"><br> \t<li class=\"share-print\" role=\"presentation\"><a title=\"Imprimir\" href=\"javascript:window.print(); void 0;\"><span class=\"fa fa-print fa-2x\" aria-hidden=\"true\"><\/span><span class=\"hidden\">Imprimir<\/span><\/a><\/li><br><\/ul><\/div><\/div><\/div><\/div><\/div><div class=\"vce-col vce-col--md-auto vce-col--xs-1 vce-col--xs-last vce-col--xs-first vce-col--sm-last vce-col--sm-first vce-col--md-last vce-col--lg-last vce-col--xl-last\" id=\"el-77b53363\"><div class=\"vce-col-inner\" data-vce-do-apply=\"border margin background  el-77b53363\"><div class=\"vce-col-content\" data-vce-element-content=\"true\" data-vce-do-apply=\"padding el-77b53363\"><div class=\"vce-text-block\"><div class=\"vce-text-block-wrapper vce\" id=\"el-96fac22c\" data-vce-do-apply=\"all el-96fac22c\"><div class=\"section-count\">N\u00famero de visitas a esta p\u00e1gina 0<br>Fecha de publicaci\u00f3n 27 diciembre, 2021<br>\u00daltima modificaci\u00f3n 1 noviembre, 2025<\/div><\/div><\/div><\/div><\/div><\/div><\/div><\/div><\/div>","protected":false},"excerpt":{"rendered":"<p>Inicio Oficina Jur\u00eddica&nbsp; &nbsp; Oficina Jur\u00eddicaMar\u00eda Eugenia Ararat D\u00edazPERFIL PROFESIONAL:Abogada egresada de la Universidad Libre de Colombia Seccional C\u00facuta. Especialista&nbsp; en Derecho Ambiental, con mas de 36 a\u00f1os de experiencia, al servicio del Estado, desarrollando funciones administrativas. Profesional integra, con s\u00f3lidos valores \u00e9ticos y morales, comprometida con el servicio p\u00fablico, desde el ejercicio del derecho&hellip; <a class=\"more-link\" href=\"https:\/\/amc.gov.co\/amc\/oficina-juridica\/\">Seguir leyendo <span class=\"screen-reader-text\">Oficina Jur\u00eddica<\/span><\/a><\/p>\n","protected":false},"author":1,"featured_media":0,"parent":0,"menu_order":0,"comment_status":"closed","ping_status":"closed","template":"","meta":{"footnotes":"","_mc_calendar":[],"_joinchat":[]},"_links":{"self":[{"href":"https:\/\/amc.gov.co\/amc\/wp-json\/wp\/v2\/pages\/106"}],"collection":[{"href":"https:\/\/amc.gov.co\/amc\/wp-json\/wp\/v2\/pages"}],"about":[{"href":"https:\/\/amc.gov.co\/amc\/wp-json\/wp\/v2\/types\/page"}],"author":[{"embeddable":true,"href":"https:\/\/amc.gov.co\/amc\/wp-json\/wp\/v2\/users\/1"}],"replies":[{"embeddable":true,"href":"https:\/\/amc.gov.co\/amc\/wp-json\/wp\/v2\/comments?post=106"}],"version-history":[{"count":28,"href":"https:\/\/amc.gov.co\/amc\/wp-json\/wp\/v2\/pages\/106\/revisions"}],"predecessor-version":[{"id":16600,"href":"https:\/\/amc.gov.co\/amc\/wp-json\/wp\/v2\/pages\/106\/revisions\/16600"}],"wp:attachment":[{"href":"https:\/\/amc.gov.co\/amc\/wp-json\/wp\/v2\/media?parent=106"}],"curies":[{"name":"wp","href":"https:\/\/api.w.org\/{rel}","templated":true}]}}